{"id":43207,"date":"2026-04-08T15:36:20","date_gmt":"2026-04-08T13:36:20","guid":{"rendered":"https:\/\/stiftung-forum-recht.de\/?post_type=tribe_events&#038;p=43207"},"modified":"2026-09-04T12:53:27","modified_gmt":"2026-09-04T10:53:27","slug":"labor-law-theme-day-in-erfurt","status":"publish","type":"tribe_events","link":"https:\/\/stiftung-forum-recht.de\/en\/kalender\/thementag-arbeitsrecht-in-erfurt\/","title":{"rendered":"\u201eLabor Law\u201c Theme Day in Erfurt"},"content":{"rendered":"<p>The Forum Recht Foundation\u2019s third Thematic Day in 2026 will focus on labor law\u2014a field of law that directly shapes the daily lives of many people. The event will center on current issues surrounding rights and obligations in employment relationships, employee participation, protection against wrongful termination, collective bargaining autonomy, as well as discrimination and equal treatment in the workplace. Particular attention will be paid to the significance of labor law regulations for thought leaders in education, social work, and journalism: How can labor law topics be communicated in an accessible way? What social conflicts are reflected in labor law? And what role do courts play in the further development of the law?<\/p>\n<p>A visit to the Federal Labor Court in Erfurt gives participants the opportunity to gain firsthand insight into the court\u2019s rulings and to engage in conversation with experts. The theme day combines in-depth professional knowledge with a practical perspective and provides an opportunity for discussion and networking.<\/p>\n<p>The theme days are one-day professional development sessions that combine a visit to a site related to law and the rule of law with practical discussions, expert presentations, and exchanges in a workshop format. Participants come from the fields of education (schools, political education, adult education centers, and other educational institutions), social work (including volunteer youth leaders and social workers), and media and journalism. Other individuals with professional ties to the subject area\u2014such as lay judges or those active in politics\u2014are also invited to participate.<\/p>\n<h2>Service<\/h2>\n<p><strong>Location:<\/strong> Federal Labor Court, Hugo-Preu\u00df-Platz 1, 99084 Erfurt<br \/>\n<strong>Registration:<\/strong> The registration form, as well as <a href=\"https:\/\/stiftung-forum-recht.de\/news\/thementag-arbeitsrecht\/\" target=\"_blank\" rel=\"noopener\">detailed information on <\/a><a href=\"https:\/\/stiftung-forum-recht.de\/news\/thementag-arbeitsrecht\/\" target=\"_blank\" rel=\"noopener\">Schedule and Registration <\/a>can be found on the website. The registration deadline was Sunday, August 23, 2026.<br \/>\n<strong>Participation:<\/strong> Participation in the training is free of charge. You are responsible for paying for your own lunch each day.<\/p>\n<h2>Information on the German Lawyers' Conference<\/h2>\n<p>The<strong>\u00a075th German Lawyers' Congress<\/strong>\u00a0takes place on<strong>\u00a0September 16\u201318, 2026<\/strong> at the Erfurt Trade Fair. The German Lawyers' Conference is one of the most important legal conferences in Germany. Lawyers discuss current legal policy issues in six specialized sections.<\/p>\n<p>As part of the 75th German Lawyers' Congress in 2026 in Erfurt, the <a href=\"https:\/\/stiftung-forum-recht.de\/kalender\/lasst-uns-treffen-die-stiftung-forum-recht-beim-deutschen-juristentag-in-erfurt\/\" target=\"_blank\" rel=\"noopener\">The Forum Recht Foundation will also have an information booth<\/a>. Stop by our booth, learn about our work, and find out how you can contribute your questions, experiences, and ideas.<\/p>\n<p><span style=\"color: windowtext;\">The <a href=\"https:\/\/stiftung-forum-recht.de\/kalender\/recht-spielregeln-des-alltags-eine-pop-up-ausstellung-der-stiftung-forum-recht-in-erfurt\/\" target=\"_blank\" rel=\"noopener\">Mobile Pop-Up Exhibition \u201eLaw\u2014The Rules of Everyday Life\u201c<\/a> is from the <strong>August 18 through September 16, 2026<\/strong> on display at Erfurt Central Station, Willy-Brandt-Platz 12. Staff from the Forum Recht Foundation will be on site on select dates to give guided tours of the pop-up exhibition and answer questions. Come meet us on <strong>Wednesday, September 15, between 1:00 p.m. and 6:00 p.m., and Thursday, September 16, from 9:00 a.m. to 1:00 p.m.<\/strong> at the exhibition!<\/span><\/p>\n<p>Photo in the calendar: BAG<\/p>","protected":false},"excerpt":{"rendered":"<p>The Forum Recht Foundation\u2019s third Thematic Day in 2026 will focus on labor law\u2014a field of law that directly shapes the daily lives of many people. The event will center on current issues surrounding\u2026&nbsp;<a href=\"https:\/\/stiftung-forum-recht.de\/en\/kalender\/thementag-arbeitsrecht-in-erfurt\/\" class=\"\" rel=\"bookmark\">Read More \u00bb<span class=\"screen-reader-text\">\u201eLabor Law\u201c Theme Day in Erfurt<\/span><\/a><\/p>","protected":false},"author":27,"featured_media":45448,"template":"","meta":{"_acf_changed":false,"neve_meta_sidebar":"","neve_meta_container":"","neve_meta_enable_content_width":"","neve_meta_content_width":0,"neve_meta_title_alignment":"","neve_meta_author_avatar":"","neve_post_elements_order":"","neve_meta_disable_header":"","neve_meta_disable_footer":"","neve_meta_disable_title":"","_themeisle_gutenberg_block_has_review":false,"_tribe_events_status":"","_tribe_events_status_reason":"","_tribe_events_is_hybrid":"","_tribe_events_is_virtual":"","_tribe_events_virtual_video_source":"","_tribe_events_virtual_embed_video":"","_tribe_events_virtual_linked_button_text":"","_tribe_events_virtual_linked_button":"","_tribe_events_virtual_show_embed_at":"","_tribe_events_virtual_show_embed_to":[],"_tribe_events_virtual_show_on_event":"","_tribe_events_virtual_show_on_views":"","_tribe_events_virtual_url":"","footnotes":""},"tags":[125,168,154],"tribe_events_cat":[],"class_list":["post-43207","tribe_events","type-tribe_events","status-publish","has-post-thumbnail","hentry","tag-fortbildung","tag-fortbildung-recht","tag-thementag"],"acf":[],"yoast_head":"<!-- This site is optimized with the Yoast SEO plugin v28.3 - https:\/\/yoast.com\/product\/yoast-seo-wordpress\/ -->\n<title>Thementag \u201eArbeitsrecht\u201c in Erfurt | Stiftung Forum Recht<\/title>\n<meta name=\"description\" content=\"Ein Besuch des Bundesarbeitsgerichts in Erfurt erm\u00f6glicht es den Teilnehmenden, die h\u00f6chstrichterliche Rechtsprechung aus n\u00e4chster N\u00e4he kennenzulernen und mit Expert:innen ins Gespr\u00e4ch zu kommen.\" \/>\n<meta name=\"robots\" content=\"index, follow, max-snippet:-1, max-image-preview:large, max-video-preview:-1\" \/>\n<link rel=\"canonical\" href=\"https:\/\/stiftung-forum-recht.de\/en\/calendar-2\/labor-law-theme-day-in-erfurt\/\" \/>\n<meta property=\"og:locale\" content=\"en_US\" \/>\n<meta property=\"og:type\" content=\"article\" \/>\n<meta property=\"og:title\" content=\"Thementag \u201eArbeitsrecht\u201c in Erfurt | Stiftung Forum Recht\" \/>\n<meta property=\"og:description\" content=\"Ein Besuch des Bundesarbeitsgerichts in Erfurt erm\u00f6glicht es den Teilnehmenden, die h\u00f6chstrichterliche Rechtsprechung aus n\u00e4chster N\u00e4he kennenzulernen und mit Expert:innen ins Gespr\u00e4ch zu kommen.\" \/>\n<meta property=\"og:url\" content=\"https:\/\/stiftung-forum-recht.de\/en\/calendar-2\/labor-law-theme-day-in-erfurt\/\" \/>\n<meta property=\"og:site_name\" content=\"Stiftung Forum Recht\" \/>\n<meta property=\"article:modified_time\" content=\"2026-09-04T10:53:27+00:00\" \/>\n<meta property=\"og:image\" content=\"https:\/\/stiftung-forum-recht.de\/wp-content\/uploads\/2026\/05\/bundesarbeitsgericht_presse_9-e1779373572639.jpg\" \/>\n\t<meta property=\"og:image:width\" content=\"2400\" \/>\n\t<meta property=\"og:image:height\" content=\"1572\" \/>\n\t<meta property=\"og:image:type\" content=\"image\/jpeg\" \/>\n<meta name=\"twitter:card\" content=\"summary_large_image\" \/>\n<meta name=\"twitter:label1\" content=\"Est. reading time\" \/>\n\t<meta name=\"twitter:data1\" content=\"2 minutes\" \/>\n<!-- \/ Yoast SEO plugin. -->","yoast_head_json":{"title":"\u201eLabor Law\u201c Theme Day in Erfurt | Forum Recht Foundation","description":"A visit to the Federal Labor Court in Erfurt gives participants the opportunity to experience the highest court\u2019s case law up close and to engage in conversation with experts.","robots":{"index":"index","follow":"follow","max-snippet":"max-snippet:-1","max-image-preview":"max-image-preview:large","max-video-preview":"max-video-preview:-1"},"canonical":"https:\/\/stiftung-forum-recht.de\/en\/calendar-2\/labor-law-theme-day-in-erfurt\/","og_locale":"en_US","og_type":"article","og_title":"Thementag \u201eArbeitsrecht\u201c in Erfurt | Stiftung Forum Recht","og_description":"Ein Besuch des Bundesarbeitsgerichts in Erfurt erm\u00f6glicht es den Teilnehmenden, die h\u00f6chstrichterliche Rechtsprechung aus n\u00e4chster N\u00e4he kennenzulernen und mit Expert:innen ins Gespr\u00e4ch zu kommen.","og_url":"https:\/\/stiftung-forum-recht.de\/en\/calendar-2\/labor-law-theme-day-in-erfurt\/","og_site_name":"Stiftung Forum Recht","article_modified_time":"2026-09-04T10:53:27+00:00","og_image":[{"width":2400,"height":1572,"url":"https:\/\/stiftung-forum-recht.de\/wp-content\/uploads\/2026\/05\/bundesarbeitsgericht_presse_9-e1779373572639.jpg","type":"image\/jpeg"}],"twitter_card":"summary_large_image","twitter_misc":{"Est. reading time":"2 minutes"},"schema":{"@context":"https:\/\/schema.org","@graph":[{"@type":"WebPage","@id":"https:\/\/stiftung-forum-recht.de\/kalender\/thementag-arbeitsrecht-in-erfurt\/","url":"https:\/\/stiftung-forum-recht.de\/kalender\/thementag-arbeitsrecht-in-erfurt\/","name":"\u201eLabor Law\u201c Theme Day in Erfurt | Forum Recht Foundation","isPartOf":{"@id":"https:\/\/stiftung-forum-recht.de\/#website"},"primaryImageOfPage":{"@id":"https:\/\/stiftung-forum-recht.de\/kalender\/thementag-arbeitsrecht-in-erfurt\/#primaryimage"},"image":{"@id":"https:\/\/stiftung-forum-recht.de\/kalender\/thementag-arbeitsrecht-in-erfurt\/#primaryimage"},"thumbnailUrl":"https:\/\/stiftung-forum-recht.de\/wp-content\/uploads\/2026\/05\/bundesarbeitsgericht_presse_9-e1779373572639.jpg","datePublished":"2026-04-08T13:36:20+00:00","dateModified":"2026-09-04T10:53:27+00:00","description":"A visit to the Federal Labor Court in Erfurt gives participants the opportunity to experience the highest court\u2019s case law up close and to engage in conversation with experts.","breadcrumb":{"@id":"https:\/\/stiftung-forum-recht.de\/kalender\/thementag-arbeitsrecht-in-erfurt\/#breadcrumb"},"inLanguage":"en-US","potentialAction":[{"@type":"ReadAction","target":["https:\/\/stiftung-forum-recht.de\/kalender\/thementag-arbeitsrecht-in-erfurt\/"]}]},{"@type":"ImageObject","inLanguage":"en-US","@id":"https:\/\/stiftung-forum-recht.de\/kalender\/thementag-arbeitsrecht-in-erfurt\/#primaryimage","url":"https:\/\/stiftung-forum-recht.de\/wp-content\/uploads\/2026\/05\/bundesarbeitsgericht_presse_9-e1779373572639.jpg","contentUrl":"https:\/\/stiftung-forum-recht.de\/wp-content\/uploads\/2026\/05\/bundesarbeitsgericht_presse_9-e1779373572639.jpg","width":2400,"height":1572,"caption":"Foto: BAG"},{"@type":"BreadcrumbList","@id":"https:\/\/stiftung-forum-recht.de\/kalender\/thementag-arbeitsrecht-in-erfurt\/#breadcrumb","itemListElement":[{"@type":"ListItem","position":1,"name":"Startseite","item":"https:\/\/stiftung-forum-recht.de\/"},{"@type":"ListItem","position":2,"name":"Veranstaltungen","item":"https:\/\/stiftung-forum-recht.de\/events\/"},{"@type":"ListItem","position":3,"name":"Thementag \u201eArbeitsrecht\u201c in Erfurt"}]},{"@type":"WebSite","@id":"https:\/\/stiftung-forum-recht.de\/#website","url":"https:\/\/stiftung-forum-recht.de\/","name":"Stiftung Forum Recht","description":"THE LAW FORUM","publisher":{"@id":"https:\/\/stiftung-forum-recht.de\/#organization"},"potentialAction":[{"@type":"SearchAction","target":{"@type":"EntryPoint","urlTemplate":"https:\/\/stiftung-forum-recht.de\/?s={search_term_string}"},"query-input":{"@type":"PropertyValueSpecification","valueRequired":true,"valueName":"search_term_string"}}],"inLanguage":"en-US"},{"@type":"Organization","@id":"https:\/\/stiftung-forum-recht.de\/#organization","name":"Stiftung Forum Recht","url":"https:\/\/stiftung-forum-recht.de\/","logo":{"@type":"ImageObject","inLanguage":"en-US","@id":"https:\/\/stiftung-forum-recht.de\/#\/schema\/logo\/image\/","url":"https:\/\/stiftung-forum-recht.de\/wp-content\/uploads\/2020\/10\/sfr-logo-2023.png","contentUrl":"https:\/\/stiftung-forum-recht.de\/wp-content\/uploads\/2020\/10\/sfr-logo-2023.png","width":200,"height":200,"caption":"Stiftung Forum Recht"},"image":{"@id":"https:\/\/stiftung-forum-recht.de\/#\/schema\/logo\/image\/"}}]}},"meta_box":[],"_links":{"self":[{"href":"https:\/\/stiftung-forum-recht.de\/en\/wp-json\/wp\/v2\/tribe_events\/43207","targetHints":{"allow":["GET"]}}],"collection":[{"href":"https:\/\/stiftung-forum-recht.de\/en\/wp-json\/wp\/v2\/tribe_events"}],"about":[{"href":"https:\/\/stiftung-forum-recht.de\/en\/wp-json\/wp\/v2\/types\/tribe_events"}],"author":[{"embeddable":true,"href":"https:\/\/stiftung-forum-recht.de\/en\/wp-json\/wp\/v2\/users\/27"}],"version-history":[{"count":10,"href":"https:\/\/stiftung-forum-recht.de\/en\/wp-json\/wp\/v2\/tribe_events\/43207\/revisions"}],"predecessor-version":[{"id":47830,"href":"https:\/\/stiftung-forum-recht.de\/en\/wp-json\/wp\/v2\/tribe_events\/43207\/revisions\/47830"}],"wp:featuredmedia":[{"embeddable":true,"href":"https:\/\/stiftung-forum-recht.de\/en\/wp-json\/wp\/v2\/media\/45448"}],"wp:attachment":[{"href":"https:\/\/stiftung-forum-recht.de\/en\/wp-json\/wp\/v2\/media?parent=43207"}],"wp:term":[{"taxonomy":"post_tag","embeddable":true,"href":"https:\/\/stiftung-forum-recht.de\/en\/wp-json\/wp\/v2\/tags?post=43207"},{"taxonomy":"tribe_events_cat","embeddable":true,"href":"https:\/\/stiftung-forum-recht.de\/en\/wp-json\/wp\/v2\/tribe_events_cat?post=43207"}],"curies":[{"name":"wp","href":"https:\/\/api.w.org\/{rel}","templated":true}]}}

<p>The Forum Recht Foundation’s third Thematic Day in 2026 will focus on labor law—a field of law that directly shapes the daily lives of many people. The event will center on current issues surrounding rights and obligations in employment relationships, employee participation, protection against wrongful termination, collective bargaining autonomy, as well as discrimination and equal treatment in the workplace. Particular attention will be paid to the significance of labor law regulations for thought leaders in education, social work, and journalism: How can labor law topics be communicated in an accessible way? What social conflicts are reflected in labor law? And what role do courts play in the further development of the law?</p>
<p>A visit to the Federal Labor Court in Erfurt gives participants the opportunity to gain firsthand insight into the court’s rulings and to engage in conversation with experts. The theme day combines in-depth professional knowledge with a practical perspective and provides an opportunity for discussion and networking.</p>
<p>The theme days are one-day professional development sessions that combine a visit to a site related to law and the rule of law with practical discussions, expert presentations, and exchanges in a workshop format. Participants come from the fields of education (schools, political education, adult education centers, and other educational institutions), social work (including volunteer youth leaders and social workers), and media and journalism. Other individuals with professional ties to the subject area—such as lay judges or those active in politics—are also invited to participate.</p>
<h2>Service</h2>
<p><strong>Location:</strong> Federal Labor Court, Hugo-Preuß-Platz 1, 99084 Erfurt<br />
<strong>Registration:</strong> The registration form, as well as <a href="https://stiftung-forum-recht.de/news/thementag-arbeitsrecht/" target="_blank" rel="noopener">detailed information on </a><a href="https://stiftung-forum-recht.de/news/thementag-arbeitsrecht/" target="_blank" rel="noopener">Schedule and Registration </a>can be found on the website. The registration deadline was Sunday, August 23, 2026.<br />
<strong>Participation:</strong> Participation in the training is free of charge. You are responsible for paying for your own lunch each day.</p>
<h2>Information on the German Lawyers' Conference</h2>
<p>The<strong> 75th German Lawyers' Congress</strong> takes place on<strong> September 16–18, 2026</strong> at the Erfurt Trade Fair. The German Lawyers' Conference is one of the most important legal conferences in Germany. Lawyers discuss current legal policy issues in six specialized sections.</p>
<p>As part of the 75th German Lawyers' Congress in 2026 in Erfurt, the <a href="https://stiftung-forum-recht.de/kalender/lasst-uns-treffen-die-stiftung-forum-recht-beim-deutschen-juristentag-in-erfurt/" target="_blank" rel="noopener">The Forum Recht Foundation will also have an information booth</a>. Stop by our booth, learn about our work, and find out how you can contribute your questions, experiences, and ideas.</p>
<p><span style="color: windowtext;">The <a href="https://stiftung-forum-recht.de/kalender/recht-spielregeln-des-alltags-eine-pop-up-ausstellung-der-stiftung-forum-recht-in-erfurt/" target="_blank" rel="noopener">Mobile Pop-Up Exhibition „Law—The Rules of Everyday Life“</a> is from the <strong>August 18 through September 16, 2026</strong> on display at Erfurt Central Station, Willy-Brandt-Platz 12. Staff from the Forum Recht Foundation will be on site on select dates to give guided tours of the pop-up exhibition and answer questions. Come meet us on <strong>Wednesday, September 15, between 1:00 p.m. and 6:00 p.m., and Thursday, September 16, from 9:00 a.m. to 1:00 p.m.</strong> at the exhibition!</span></p>
<p>Photo in the calendar: BAG</p>

<!-- This site is optimized with the Yoast SEO plugin v28.3 - https://yoast.com/product/yoast-seo-wordpress/ -->
<title>Thementag „Arbeitsrecht“ in Erfurt | Stiftung Forum Recht</title>
<meta name="description" content="Ein Besuch des Bundesarbeitsgerichts in Erfurt ermöglicht es den Teilnehmenden, die höchstrichterliche Rechtsprechung aus nächster Nähe kennenzulernen und mit Expert:innen ins Gespräch zu kommen." />
<meta name="robots" content="index, follow, max-snippet:-1, max-image-preview:large, max-video-preview:-1" />
<link rel="canonical" href="https://stiftung-forum-recht.de/en/calendar-2/labor-law-theme-day-in-erfurt/" />
<meta property="og:locale" content="en_US" />
<meta property="og:type" content="article" />
<meta property="og:title" content="Thementag „Arbeitsrecht“ in Erfurt | Stiftung Forum Recht" />
<meta property="og:description" content="Ein Besuch des Bundesarbeitsgerichts in Erfurt ermöglicht es den Teilnehmenden, die höchstrichterliche Rechtsprechung aus nächster Nähe kennenzulernen und mit Expert:innen ins Gespräch zu kommen." />
<meta property="og:url" content="https://stiftung-forum-recht.de/en/calendar-2/labor-law-theme-day-in-erfurt/" />
<meta property="og:site_name" content="Stiftung Forum Recht" />
<meta property="article:modified_time" content="2026-09-04T10:53:27+00:00" />
<meta property="og:image" content="https://stiftung-forum-recht.de/wp-content/uploads/2026/05/bundesarbeitsgericht_presse_9-e1779373572639.jpg" />
	<meta property="og:image:width" content="2400" />
	<meta property="og:image:height" content="1572" />
	<meta property="og:image:type" content="image/jpeg" />
<meta name="twitter:card" content="summary_large_image" />
<meta name="twitter:label1" content="Est. reading time" />
	<meta name="twitter:data1" content="2 minutes" />
<!-- / Yoast SEO plugin. -->

Ein Besuch des Bundesarbeitsgerichts in Erfurt ermöglicht es den Teilnehmenden, die höchstrichterliche Rechtsprechung aus nächster Nähe kennenzulernen und mit Expert:innen ins Gespräch zu kommen.
