{"id":35764,"date":"2025-05-23T16:33:29","date_gmt":"2025-05-23T14:33:29","guid":{"rendered":"https:\/\/stiftung-forum-recht.de\/?post_type=tribe_events&#038;p=35764"},"modified":"2025-06-18T13:47:45","modified_gmt":"2025-06-18T11:47:45","slug":"quiz-night-for-open-house-day-at-the-forum-recht-foundation-in-karlsruhe","status":"publish","type":"tribe_events","link":"https:\/\/stiftung-forum-recht.de\/en\/kalender\/quizabend-zum-tag-der-offenen-tuer-in-der-stiftung-forum-recht-in-karlsruhe\/","title":{"rendered":"Quiz Night at the Open House at the Forum Recht Foundation in Karlsruhe"},"content":{"rendered":"<p>How much law is there in pop culture, history, or music? Find out at the Forum Recht Foundation\u2019s quiz night\u2014in teams, with cold drinks, and lots of fun solving puzzles. You can expect a wide variety of questions from nine categories with legal themes: ranging from law and crime to literature and film, all the way to the history of Karlsruhe. Work your way through the rounds together, rack up points, and enjoy an entertaining evening in a relaxed atmosphere. Of course, a prize awaits the winning team. The Forum Recht Foundation will open its doors in Karlsruhe on Saturday, June 28, 2025, from 11:00 a.m. to 4:30 p.m., featuring a colorful program of events. <strong><a href=\"https:\/\/stiftung-forum-recht.de\/kalender\/willkommen-tag-der-offenen-tuer-in-der-stiftung-forum-recht-in-karlsruhe\/\" target=\"_blank\" rel=\"noopener\">You can find the Open House program here.<\/a><\/strong> The program concludes with an event from 6:30 p.m. to 8:00 p.m. <strong>Quiz Night<\/strong>, covering topics such as the law and the rule of law, the law in pop culture, the history of Karlsruhe, and more.<\/p>\n<p><strong>Want to join in on the quiz?<\/strong><br \/>\nFrom June 10 to 25, you can find out more via the <strong><a href=\"https:\/\/stiftung-forum-recht.de\/news\/quizabend-rund-um-recht-und-gesetz\/\" target=\"_blank\" rel=\"noopener\">Registration Form for the Quiz<\/a><\/strong>. Participation in the quiz is free and open to anyone 16 years of age or older.<\/p>\n<p>You can find all the information about the quiz night for participants and spectators <strong><a href=\"https:\/\/stiftung-forum-recht.de\/news\/quizabend-rund-um-recht-und-gesetz\/\" target=\"_blank\" rel=\"noopener\">here<\/a><\/strong>.<\/p>\n<p>Please note our <strong><a href=\"https:\/\/stiftung-forum-recht.de\/barrierefreiheit\/\" target=\"_blank\" rel=\"noopener\">Accessibility information for the event venues.<\/a><\/strong><\/p>\n<p>Doors open for participants and visitors at 6:00 p.m.<\/p>","protected":false},"excerpt":{"rendered":"<p>Wie viel Recht steckt in Popkultur, Geschichte oder Musik? Finden Sie es beim Quizabend der Stiftung Forum Recht heraus \u2013 in Teams, mit k\u00fchlen Getr\u00e4nken und viel Spa\u00df am R\u00e4tseln.&hellip;&nbsp;<a href=\"https:\/\/stiftung-forum-recht.de\/en\/kalender\/quizabend-zum-tag-der-offenen-tuer-in-der-stiftung-forum-recht-in-karlsruhe\/\" class=\"\" rel=\"bookmark\">Read More \u00bb<span class=\"screen-reader-text\">Quiz Night at the Open House at the Forum Recht Foundation in Karlsruhe<\/span><\/a><\/p>","protected":false},"author":27,"featured_media":36961,"template":"","meta":{"_acf_changed":false,"neve_meta_sidebar":"","neve_meta_container":"","neve_meta_enable_content_width":"","neve_meta_content_width":0,"neve_meta_title_alignment":"","neve_meta_author_avatar":"","neve_post_elements_order":"","neve_meta_disable_header":"","neve_meta_disable_footer":"","neve_meta_disable_title":"","_themeisle_gutenberg_block_has_review":false,"_tribe_events_status":"","_tribe_events_status_reason":"","_tribe_events_is_hybrid":"","_tribe_events_is_virtual":"","_tribe_events_virtual_video_source":"","_tribe_events_virtual_embed_video":"","_tribe_events_virtual_linked_button_text":"","_tribe_events_virtual_linked_button":"","_tribe_events_virtual_show_embed_at":"","_tribe_events_virtual_show_embed_to":[],"_tribe_events_virtual_show_on_event":"","_tribe_events_virtual_show_on_views":"","_tribe_events_virtual_url":"","footnotes":""},"tags":[],"tribe_events_cat":[],"class_list":["post-35764","tribe_events","type-tribe_events","status-publish","has-post-thumbnail","hentry"],"acf":[],"yoast_head":"<!-- This site is optimized with the Yoast SEO plugin v28.3 - https:\/\/yoast.com\/product\/yoast-seo-wordpress\/ -->\n<title>Quizabend zum Tag der offenen T\u00fcr in der Stiftung Forum Recht in Karlsruhe | Stiftung Forum Recht<\/title>\n<meta name=\"description\" content=\"Wie viel Recht steckt in Popkultur, Geschichte oder Musik? Finden Sie es beim Quizabend der Stiftung Forum Recht heraus \u2013 in Teams, mit k\u00fchlen Getr\u00e4nken und viel Spa\u00df am R\u00e4tseln. Sie erwarten vielf\u00e4ltige Fragen aus neun Kategorien mit rechtlichem Bezug: von True Crime \u00fcber Literatur und Film bis zur Stadtgeschichte Karlsruhes.\" \/>\n<meta name=\"robots\" content=\"index, follow, max-snippet:-1, max-image-preview:large, max-video-preview:-1\" \/>\n<link rel=\"canonical\" href=\"https:\/\/stiftung-forum-recht.de\/en\/calendar-2\/quiz-night-for-open-house-day-at-the-forum-recht-foundation-in-karlsruhe\/\" \/>\n<meta property=\"og:locale\" content=\"en_US\" \/>\n<meta property=\"og:type\" content=\"article\" \/>\n<meta property=\"og:title\" content=\"Quizabend zum Tag der offenen T\u00fcr in der Stiftung Forum Recht in Karlsruhe | Stiftung Forum Recht\" \/>\n<meta property=\"og:description\" content=\"Wie viel Recht steckt in Popkultur, Geschichte oder Musik? Finden Sie es beim Quizabend der Stiftung Forum Recht heraus \u2013 in Teams, mit k\u00fchlen Getr\u00e4nken und viel Spa\u00df am R\u00e4tseln. Sie erwarten vielf\u00e4ltige Fragen aus neun Kategorien mit rechtlichem Bezug: von True Crime \u00fcber Literatur und Film bis zur Stadtgeschichte Karlsruhes.\" \/>\n<meta property=\"og:url\" content=\"https:\/\/stiftung-forum-recht.de\/en\/calendar-2\/quiz-night-for-open-house-day-at-the-forum-recht-foundation-in-karlsruhe\/\" \/>\n<meta property=\"og:site_name\" content=\"Stiftung Forum Recht\" \/>\n<meta property=\"article:modified_time\" content=\"2025-06-18T11:47:45+00:00\" \/>\n<meta property=\"og:image\" content=\"https:\/\/stiftung-forum-recht.de\/wp-content\/uploads\/2025\/06\/website_forum_recht_tatue_20250609-12-scaled.jpg\" \/>\n\t<meta property=\"og:image:width\" content=\"2560\" \/>\n\t<meta property=\"og:image:height\" content=\"1707\" \/>\n\t<meta property=\"og:image:type\" content=\"image\/jpeg\" \/>\n<meta name=\"twitter:card\" content=\"summary_large_image\" \/>\n<meta name=\"twitter:label1\" content=\"Est. reading time\" \/>\n\t<meta name=\"twitter:data1\" content=\"1 minute\" \/>\n<!-- \/ Yoast SEO plugin. -->","yoast_head_json":{"title":"Quiz Night at the Open House at the Forum Recht Foundation in Karlsruhe | Forum Recht Foundation","description":"How much law is there in pop culture, history, or music? Find out at the Forum Recht Foundation\u2019s quiz night\u2014in teams, with cold drinks, and plenty of fun solving puzzles. You can expect a wide variety of questions from nine categories related to the law: from true crime to literature and film to the history of Karlsruhe.","robots":{"index":"index","follow":"follow","max-snippet":"max-snippet:-1","max-image-preview":"max-image-preview:large","max-video-preview":"max-video-preview:-1"},"canonical":"https:\/\/stiftung-forum-recht.de\/en\/calendar-2\/quiz-night-for-open-house-day-at-the-forum-recht-foundation-in-karlsruhe\/","og_locale":"en_US","og_type":"article","og_title":"Quizabend zum Tag der offenen T\u00fcr in der Stiftung Forum Recht in Karlsruhe | Stiftung Forum Recht","og_description":"Wie viel Recht steckt in Popkultur, Geschichte oder Musik? Finden Sie es beim Quizabend der Stiftung Forum Recht heraus \u2013 in Teams, mit k\u00fchlen Getr\u00e4nken und viel Spa\u00df am R\u00e4tseln. Sie erwarten vielf\u00e4ltige Fragen aus neun Kategorien mit rechtlichem Bezug: von True Crime \u00fcber Literatur und Film bis zur Stadtgeschichte Karlsruhes.","og_url":"https:\/\/stiftung-forum-recht.de\/en\/calendar-2\/quiz-night-for-open-house-day-at-the-forum-recht-foundation-in-karlsruhe\/","og_site_name":"Stiftung Forum Recht","article_modified_time":"2025-06-18T11:47:45+00:00","og_image":[{"width":2560,"height":1707,"url":"https:\/\/stiftung-forum-recht.de\/wp-content\/uploads\/2025\/06\/website_forum_recht_tatue_20250609-12-scaled.jpg","type":"image\/jpeg"}],"twitter_card":"summary_large_image","twitter_misc":{"Est. reading time":"1 minute"},"schema":{"@context":"https:\/\/schema.org","@graph":[{"@type":"WebPage","@id":"https:\/\/stiftung-forum-recht.de\/kalender\/quizabend-zum-tag-der-offenen-tuer-in-der-stiftung-forum-recht-in-karlsruhe\/","url":"https:\/\/stiftung-forum-recht.de\/kalender\/quizabend-zum-tag-der-offenen-tuer-in-der-stiftung-forum-recht-in-karlsruhe\/","name":"Quiz Night at the Open House at the Forum Recht Foundation in Karlsruhe | Forum Recht Foundation","isPartOf":{"@id":"https:\/\/stiftung-forum-recht.de\/#website"},"primaryImageOfPage":{"@id":"https:\/\/stiftung-forum-recht.de\/kalender\/quizabend-zum-tag-der-offenen-tuer-in-der-stiftung-forum-recht-in-karlsruhe\/#primaryimage"},"image":{"@id":"https:\/\/stiftung-forum-recht.de\/kalender\/quizabend-zum-tag-der-offenen-tuer-in-der-stiftung-forum-recht-in-karlsruhe\/#primaryimage"},"thumbnailUrl":"https:\/\/stiftung-forum-recht.de\/wp-content\/uploads\/2025\/06\/website_forum_recht_tatue_20250609-12-scaled.jpg","datePublished":"2025-05-23T14:33:29+00:00","dateModified":"2025-06-18T11:47:45+00:00","description":"How much law is there in pop culture, history, or music? Find out at the Forum Recht Foundation\u2019s quiz night\u2014in teams, with cold drinks, and plenty of fun solving puzzles. You can expect a wide variety of questions from nine categories related to the law: from true crime to literature and film to the history of Karlsruhe.","breadcrumb":{"@id":"https:\/\/stiftung-forum-recht.de\/kalender\/quizabend-zum-tag-der-offenen-tuer-in-der-stiftung-forum-recht-in-karlsruhe\/#breadcrumb"},"inLanguage":"en-US","potentialAction":[{"@type":"ReadAction","target":["https:\/\/stiftung-forum-recht.de\/kalender\/quizabend-zum-tag-der-offenen-tuer-in-der-stiftung-forum-recht-in-karlsruhe\/"]}]},{"@type":"ImageObject","inLanguage":"en-US","@id":"https:\/\/stiftung-forum-recht.de\/kalender\/quizabend-zum-tag-der-offenen-tuer-in-der-stiftung-forum-recht-in-karlsruhe\/#primaryimage","url":"https:\/\/stiftung-forum-recht.de\/wp-content\/uploads\/2025\/06\/website_forum_recht_tatue_20250609-12-scaled.jpg","contentUrl":"https:\/\/stiftung-forum-recht.de\/wp-content\/uploads\/2025\/06\/website_forum_recht_tatue_20250609-12-scaled.jpg","width":2560,"height":1707,"caption":"Tag der offenen T\u00fcr Stiftung Forum Recht"},{"@type":"BreadcrumbList","@id":"https:\/\/stiftung-forum-recht.de\/kalender\/quizabend-zum-tag-der-offenen-tuer-in-der-stiftung-forum-recht-in-karlsruhe\/#breadcrumb","itemListElement":[{"@type":"ListItem","position":1,"name":"Startseite","item":"https:\/\/stiftung-forum-recht.de\/"},{"@type":"ListItem","position":2,"name":"Veranstaltungen","item":"https:\/\/stiftung-forum-recht.de\/events\/"},{"@type":"ListItem","position":3,"name":"Quizabend zum Tag der offenen T\u00fcr in der Stiftung Forum Recht in Karlsruhe"}]},{"@type":"WebSite","@id":"https:\/\/stiftung-forum-recht.de\/#website","url":"https:\/\/stiftung-forum-recht.de\/","name":"Stiftung Forum Recht","description":"THE LAW FORUM","publisher":{"@id":"https:\/\/stiftung-forum-recht.de\/#organization"},"potentialAction":[{"@type":"SearchAction","target":{"@type":"EntryPoint","urlTemplate":"https:\/\/stiftung-forum-recht.de\/?s={search_term_string}"},"query-input":{"@type":"PropertyValueSpecification","valueRequired":true,"valueName":"search_term_string"}}],"inLanguage":"en-US"},{"@type":"Organization","@id":"https:\/\/stiftung-forum-recht.de\/#organization","name":"Stiftung Forum Recht","url":"https:\/\/stiftung-forum-recht.de\/","logo":{"@type":"ImageObject","inLanguage":"en-US","@id":"https:\/\/stiftung-forum-recht.de\/#\/schema\/logo\/image\/","url":"https:\/\/stiftung-forum-recht.de\/wp-content\/uploads\/2020\/10\/sfr-logo-2023.png","contentUrl":"https:\/\/stiftung-forum-recht.de\/wp-content\/uploads\/2020\/10\/sfr-logo-2023.png","width":200,"height":200,"caption":"Stiftung Forum Recht"},"image":{"@id":"https:\/\/stiftung-forum-recht.de\/#\/schema\/logo\/image\/"}}]}},"meta_box":[],"_links":{"self":[{"href":"https:\/\/stiftung-forum-recht.de\/en\/wp-json\/wp\/v2\/tribe_events\/35764","targetHints":{"allow":["GET"]}}],"collection":[{"href":"https:\/\/stiftung-forum-recht.de\/en\/wp-json\/wp\/v2\/tribe_events"}],"about":[{"href":"https:\/\/stiftung-forum-recht.de\/en\/wp-json\/wp\/v2\/types\/tribe_events"}],"author":[{"embeddable":true,"href":"https:\/\/stiftung-forum-recht.de\/en\/wp-json\/wp\/v2\/users\/27"}],"version-history":[{"count":0,"href":"https:\/\/stiftung-forum-recht.de\/en\/wp-json\/wp\/v2\/tribe_events\/35764\/revisions"}],"wp:featuredmedia":[{"embeddable":true,"href":"https:\/\/stiftung-forum-recht.de\/en\/wp-json\/wp\/v2\/media\/36961"}],"wp:attachment":[{"href":"https:\/\/stiftung-forum-recht.de\/en\/wp-json\/wp\/v2\/media?parent=35764"}],"wp:term":[{"taxonomy":"post_tag","embeddable":true,"href":"https:\/\/stiftung-forum-recht.de\/en\/wp-json\/wp\/v2\/tags?post=35764"},{"taxonomy":"tribe_events_cat","embeddable":true,"href":"https:\/\/stiftung-forum-recht.de\/en\/wp-json\/wp\/v2\/tribe_events_cat?post=35764"}],"curies":[{"name":"wp","href":"https:\/\/api.w.org\/{rel}","templated":true}]}}

<p>Wie viel Recht steckt in Popkultur, Geschichte oder Musik? Finden Sie es beim Quizabend der Stiftung Forum Recht heraus – in Teams, mit kühlen Getränken und viel Spaß am Rätseln.&hellip;&nbsp;<a href="https://stiftung-forum-recht.de/en/kalender/quizabend-zum-tag-der-offenen-tuer-in-der-stiftung-forum-recht-in-karlsruhe/" class="" rel="bookmark">Read More »<span class="screen-reader-text">Quiz Night at the Open House at the Forum Recht Foundation in Karlsruhe</span></a></p>

<!-- This site is optimized with the Yoast SEO plugin v28.3 - https://yoast.com/product/yoast-seo-wordpress/ -->
<title>Quizabend zum Tag der offenen Tür in der Stiftung Forum Recht in Karlsruhe | Stiftung Forum Recht</title>
<meta name="description" content="Wie viel Recht steckt in Popkultur, Geschichte oder Musik? Finden Sie es beim Quizabend der Stiftung Forum Recht heraus – in Teams, mit kühlen Getränken und viel Spaß am Rätseln. Sie erwarten vielfältige Fragen aus neun Kategorien mit rechtlichem Bezug: von True Crime über Literatur und Film bis zur Stadtgeschichte Karlsruhes." />
<meta name="robots" content="index, follow, max-snippet:-1, max-image-preview:large, max-video-preview:-1" />
<link rel="canonical" href="https://stiftung-forum-recht.de/en/calendar-2/quiz-night-for-open-house-day-at-the-forum-recht-foundation-in-karlsruhe/" />
<meta property="og:locale" content="en_US" />
<meta property="og:type" content="article" />
<meta property="og:title" content="Quizabend zum Tag der offenen Tür in der Stiftung Forum Recht in Karlsruhe | Stiftung Forum Recht" />
<meta property="og:description" content="Wie viel Recht steckt in Popkultur, Geschichte oder Musik? Finden Sie es beim Quizabend der Stiftung Forum Recht heraus – in Teams, mit kühlen Getränken und viel Spaß am Rätseln. Sie erwarten vielfältige Fragen aus neun Kategorien mit rechtlichem Bezug: von True Crime über Literatur und Film bis zur Stadtgeschichte Karlsruhes." />
<meta property="og:url" content="https://stiftung-forum-recht.de/en/calendar-2/quiz-night-for-open-house-day-at-the-forum-recht-foundation-in-karlsruhe/" />
<meta property="og:site_name" content="Stiftung Forum Recht" />
<meta property="article:modified_time" content="2025-06-18T11:47:45+00:00" />
<meta property="og:image" content="https://stiftung-forum-recht.de/wp-content/uploads/2025/06/website_forum_recht_tatue_20250609-12-scaled.jpg" />
	<meta property="og:image:width" content="2560" />
	<meta property="og:image:height" content="1707" />
	<meta property="og:image:type" content="image/jpeg" />
<meta name="twitter:card" content="summary_large_image" />
<meta name="twitter:label1" content="Est. reading time" />
	<meta name="twitter:data1" content="1 minute" />
<!-- / Yoast SEO plugin. -->

Quizabend zum Tag der offenen Tür in der Stiftung Forum Recht in Karlsruhe | Stiftung Forum Recht

Wie viel Recht steckt in Popkultur, Geschichte oder Musik? Finden Sie es beim Quizabend der Stiftung Forum Recht heraus – in Teams, mit kühlen Getränken und viel Spaß am Rätseln. Sie erwarten vielfältige Fragen aus neun Kategorien mit rechtlichem Bezug: von True Crime über Literatur und Film bis zur Stadtgeschichte Karlsruhes.

Tag der offenen Tür Stiftung Forum Recht

Quizabend zum Tag der offenen Tür in der Stiftung Forum Recht in Karlsruhe
