{"id":23678,"date":"2024-05-16T10:41:50","date_gmt":"2024-05-16T08:41:50","guid":{"rendered":"https:\/\/stiftung-forum-recht.de\/?post_type=tribe_events&#038;p=23678"},"modified":"2024-05-16T10:41:50","modified_gmt":"2024-05-16T08:41:50","slug":"symposium-1949-2024-2049-remembering-the-past-navigating-the-present-shaping-the-future","status":"publish","type":"tribe_events","link":"https:\/\/stiftung-forum-recht.de\/en\/kalender\/symposium-1949-2024-2049-vergangenheit-erinnern-gegenwart-meistern-zukunft-gestalten\/","title":{"rendered":"Symposium \u201e1949\u20132024\u20132049: Remembering the Past, Mastering the Present, Shaping the Future\u201c"},"content":{"rendered":"<p>Seventy-five years after the Basic Law came into effect, our constitution must prove its worth in a world that is undergoing fundamental change: Digitalization, globalization, climate change, migration, and demographic shifts present the Federal Republic with a wide range of challenges, as does the realignment of security and foreign trade policy\u2014and, not least, the trend toward authoritarianism, which is putting pressure on democracy both nationally and globally. In light of these challenges, the symposium seeks answers to the question of whether and to what extent the Basic Law can or must be further developed so that our constitutional order is equipped to meet the demands of the present and the future.<\/p>\n<p><strong>Kathrin Sch\u00f6n<\/strong>, program curator at the Forum Recht Foundation, will participate in the symposium\u2019s closing panel at 4:30 p.m. and discuss what education on the rule of law looks like in practice.<\/p>\n<p>&nbsp;<\/p>\n<p><strong>A symposium organized by the Deutsche Gesellschaft e. V. in collaboration with the Forum Recht Foundation<\/strong><\/p>\n<p><img decoding=\"async\" class=\"wp-image-23692\" src=\"https:\/\/stiftung-forum-recht.de\/wp-content\/uploads\/2024\/05\/Logo-der-Deutschen-Gesellschaft_web-300x117.jpg\" alt=\"\" width=\"177\" height=\"69\" srcset=\"https:\/\/stiftung-forum-recht.de\/wp-content\/uploads\/2024\/05\/Logo-der-Deutschen-Gesellschaft_web-300x117.jpg 300w, https:\/\/stiftung-forum-recht.de\/wp-content\/uploads\/2024\/05\/Logo-der-Deutschen-Gesellschaft_web.jpg 448w\" sizes=\"(max-width: 177px) 100vw, 177px\" \/><\/p>","protected":false},"excerpt":{"rendered":"<p>75 years after the Basic Law took effect, our constitution must prove itself in a world that is undergoing fundamental change: digitalization, globalization, climate change, migration, and demographic shifts present the Federal Republic with a wide range of challenges,\u2026&nbsp;<a href=\"https:\/\/stiftung-forum-recht.de\/en\/kalender\/symposium-1949-2024-2049-vergangenheit-erinnern-gegenwart-meistern-zukunft-gestalten\/\" class=\"\" rel=\"bookmark\">Read More \u00bb<span class=\"screen-reader-text\">Symposium \u201e1949\u20132024\u20132049: Remembering the Past, Mastering the Present, Shaping the Future\u201c<\/span><\/a><\/p>","protected":false},"author":27,"featured_media":23693,"template":"","meta":{"_acf_changed":false,"neve_meta_sidebar":"","neve_meta_container":"","neve_meta_enable_content_width":"","neve_meta_content_width":0,"neve_meta_title_alignment":"","neve_meta_author_avatar":"","neve_post_elements_order":"","neve_meta_disable_header":"","neve_meta_disable_footer":"","neve_meta_disable_title":"","_themeisle_gutenberg_block_has_review":false,"_tribe_events_status":"","_tribe_events_status_reason":"","_tribe_events_is_hybrid":"","_tribe_events_is_virtual":"","_tribe_events_virtual_video_source":"","_tribe_events_virtual_embed_video":"","_tribe_events_virtual_linked_button_text":"","_tribe_events_virtual_linked_button":"","_tribe_events_virtual_show_embed_at":"","_tribe_events_virtual_show_embed_to":[],"_tribe_events_virtual_show_on_event":"","_tribe_events_virtual_show_on_views":"","_tribe_events_virtual_url":"","footnotes":""},"tags":[],"tribe_events_cat":[],"class_list":["post-23678","tribe_events","type-tribe_events","status-publish","has-post-thumbnail","hentry"],"acf":[],"yoast_head":"<!-- This site is optimized with the Yoast SEO plugin v28.3 - https:\/\/yoast.com\/product\/yoast-seo-wordpress\/ -->\n<title>Symposium \u201e1949 \u2013 2024 \u2013 2049: Vergangenheit erinnern, Gegenwart meistern, Zukunft gestalten\u201c | Stiftung Forum Recht<\/title>\n<meta name=\"description\" content=\"Kathrin Sch\u00f6n, Programmkuratorin der Stiftung Forum Recht, wird beim Abschlusspanel des Symposiums um 16:30 Uhr mitdiskutieren und aufzeigen, wie Rechtsstaatsvermittlung in der Praxis aussieht.\" \/>\n<meta name=\"robots\" content=\"index, follow, max-snippet:-1, max-image-preview:large, max-video-preview:-1\" \/>\n<link rel=\"canonical\" href=\"https:\/\/stiftung-forum-recht.de\/en\/calendar\/symposium-1949-2024-2049-remembering-the-past-navigating-the-present-shaping-the-future\/\" \/>\n<meta property=\"og:locale\" content=\"en_US\" \/>\n<meta property=\"og:type\" content=\"article\" \/>\n<meta property=\"og:title\" content=\"Symposium \u201e1949 \u2013 2024 \u2013 2049: Vergangenheit erinnern, Gegenwart meistern, Zukunft gestalten\u201c | Stiftung Forum Recht\" \/>\n<meta property=\"og:description\" content=\"Kathrin Sch\u00f6n, Programmkuratorin der Stiftung Forum Recht, wird beim Abschlusspanel des Symposiums um 16:30 Uhr mitdiskutieren und aufzeigen, wie Rechtsstaatsvermittlung in der Praxis aussieht.\" \/>\n<meta property=\"og:url\" content=\"https:\/\/stiftung-forum-recht.de\/en\/calendar\/symposium-1949-2024-2049-remembering-the-past-navigating-the-present-shaping-the-future\/\" \/>\n<meta property=\"og:site_name\" content=\"Stiftung Forum Recht\" \/>\n<meta property=\"og:image\" content=\"https:\/\/stiftung-forum-recht.de\/wp-content\/uploads\/2024\/05\/Foto_Ville-de-Lyon-8-scaled.jpg\" \/>\n\t<meta property=\"og:image:width\" content=\"2560\" \/>\n\t<meta property=\"og:image:height\" content=\"1707\" \/>\n\t<meta property=\"og:image:type\" content=\"image\/jpeg\" \/>\n<meta name=\"twitter:card\" content=\"summary_large_image\" \/>\n<meta name=\"twitter:label1\" content=\"Est. reading time\" \/>\n\t<meta name=\"twitter:data1\" content=\"1 minute\" \/>\n<!-- \/ Yoast SEO plugin. -->","yoast_head_json":{"title":"Symposium \u201e1949\u20132024\u20132049: Remembering the Past, Mastering the Present, Shaping the Future\u201c | Forum Recht Foundation","description":"Kathrin Sch\u00f6n, program curator at the Forum Recht Foundation, will participate in the symposium\u2019s closing panel at 4:30 p.m. and discuss what education on the rule of law looks like in practice.","robots":{"index":"index","follow":"follow","max-snippet":"max-snippet:-1","max-image-preview":"max-image-preview:large","max-video-preview":"max-video-preview:-1"},"canonical":"https:\/\/stiftung-forum-recht.de\/en\/calendar\/symposium-1949-2024-2049-remembering-the-past-navigating-the-present-shaping-the-future\/","og_locale":"en_US","og_type":"article","og_title":"Symposium \u201e1949 \u2013 2024 \u2013 2049: Vergangenheit erinnern, Gegenwart meistern, Zukunft gestalten\u201c | Stiftung Forum Recht","og_description":"Kathrin Sch\u00f6n, Programmkuratorin der Stiftung Forum Recht, wird beim Abschlusspanel des Symposiums um 16:30 Uhr mitdiskutieren und aufzeigen, wie Rechtsstaatsvermittlung in der Praxis aussieht.","og_url":"https:\/\/stiftung-forum-recht.de\/en\/calendar\/symposium-1949-2024-2049-remembering-the-past-navigating-the-present-shaping-the-future\/","og_site_name":"Stiftung Forum Recht","og_image":[{"width":2560,"height":1707,"url":"https:\/\/stiftung-forum-recht.de\/wp-content\/uploads\/2024\/05\/Foto_Ville-de-Lyon-8-scaled.jpg","type":"image\/jpeg"}],"twitter_card":"summary_large_image","twitter_misc":{"Est. reading time":"1 minute"},"schema":{"@context":"https:\/\/schema.org","@graph":[{"@type":"WebPage","@id":"https:\/\/stiftung-forum-recht.de\/calendar\/symposium-1949-2024-2049-vergangenheit-erinnern-gegenwart-meistern-zukunft-gestalten\/","url":"https:\/\/stiftung-forum-recht.de\/calendar\/symposium-1949-2024-2049-vergangenheit-erinnern-gegenwart-meistern-zukunft-gestalten\/","name":"Symposium \u201e1949\u20132024\u20132049: Remembering the Past, Mastering the Present, Shaping the Future\u201c | Forum Recht Foundation","isPartOf":{"@id":"https:\/\/stiftung-forum-recht.de\/#website"},"primaryImageOfPage":{"@id":"https:\/\/stiftung-forum-recht.de\/calendar\/symposium-1949-2024-2049-vergangenheit-erinnern-gegenwart-meistern-zukunft-gestalten\/#primaryimage"},"image":{"@id":"https:\/\/stiftung-forum-recht.de\/calendar\/symposium-1949-2024-2049-vergangenheit-erinnern-gegenwart-meistern-zukunft-gestalten\/#primaryimage"},"thumbnailUrl":"https:\/\/stiftung-forum-recht.de\/wp-content\/uploads\/2024\/05\/Foto_Ville-de-Lyon-8-scaled.jpg","datePublished":"2024-05-16T08:41:50+00:00","description":"Kathrin Sch\u00f6n, program curator at the Forum Recht Foundation, will participate in the symposium\u2019s closing panel at 4:30 p.m. and discuss what education on the rule of law looks like in practice.","breadcrumb":{"@id":"https:\/\/stiftung-forum-recht.de\/calendar\/symposium-1949-2024-2049-vergangenheit-erinnern-gegenwart-meistern-zukunft-gestalten\/#breadcrumb"},"inLanguage":"en-US","potentialAction":[{"@type":"ReadAction","target":["https:\/\/stiftung-forum-recht.de\/calendar\/symposium-1949-2024-2049-vergangenheit-erinnern-gegenwart-meistern-zukunft-gestalten\/"]}]},{"@type":"ImageObject","inLanguage":"en-US","@id":"https:\/\/stiftung-forum-recht.de\/calendar\/symposium-1949-2024-2049-vergangenheit-erinnern-gegenwart-meistern-zukunft-gestalten\/#primaryimage","url":"https:\/\/stiftung-forum-recht.de\/wp-content\/uploads\/2024\/05\/Foto_Ville-de-Lyon-8-scaled.jpg","contentUrl":"https:\/\/stiftung-forum-recht.de\/wp-content\/uploads\/2024\/05\/Foto_Ville-de-Lyon-8-scaled.jpg","width":2560,"height":1707,"caption":"Drei Damen auf einem Podium in einem prunkvollen klassizistischen Saal , die mittlere Dame im Alter von ungef\u00e4hr 35 Jahren und damit j\u00fcngste, h\u00e4lt das Mikro und spricht soeben."},{"@type":"BreadcrumbList","@id":"https:\/\/stiftung-forum-recht.de\/calendar\/symposium-1949-2024-2049-vergangenheit-erinnern-gegenwart-meistern-zukunft-gestalten\/#breadcrumb","itemListElement":[{"@type":"ListItem","position":1,"name":"Startseite","item":"https:\/\/stiftung-forum-recht.de\/"},{"@type":"ListItem","position":2,"name":"Veranstaltungen","item":"https:\/\/stiftung-forum-recht.de\/events\/"},{"@type":"ListItem","position":3,"name":"Symposium \u201e1949 \u2013 2024 \u2013 2049: Vergangenheit erinnern, Gegenwart meistern, Zukunft gestalten\u201c"}]},{"@type":"WebSite","@id":"https:\/\/stiftung-forum-recht.de\/#website","url":"https:\/\/stiftung-forum-recht.de\/","name":"Stiftung Forum Recht","description":"THE LAW FORUM","publisher":{"@id":"https:\/\/stiftung-forum-recht.de\/#organization"},"potentialAction":[{"@type":"SearchAction","target":{"@type":"EntryPoint","urlTemplate":"https:\/\/stiftung-forum-recht.de\/?s={search_term_string}"},"query-input":{"@type":"PropertyValueSpecification","valueRequired":true,"valueName":"search_term_string"}}],"inLanguage":"en-US"},{"@type":"Organization","@id":"https:\/\/stiftung-forum-recht.de\/#organization","name":"Stiftung Forum Recht","url":"https:\/\/stiftung-forum-recht.de\/","logo":{"@type":"ImageObject","inLanguage":"en-US","@id":"https:\/\/stiftung-forum-recht.de\/#\/schema\/logo\/image\/","url":"https:\/\/stiftung-forum-recht.de\/wp-content\/uploads\/2020\/10\/sfr-logo-2023.png","contentUrl":"https:\/\/stiftung-forum-recht.de\/wp-content\/uploads\/2020\/10\/sfr-logo-2023.png","width":200,"height":200,"caption":"Stiftung Forum Recht"},"image":{"@id":"https:\/\/stiftung-forum-recht.de\/#\/schema\/logo\/image\/"}}]}},"meta_box":[],"_links":{"self":[{"href":"https:\/\/stiftung-forum-recht.de\/en\/wp-json\/wp\/v2\/tribe_events\/23678","targetHints":{"allow":["GET"]}}],"collection":[{"href":"https:\/\/stiftung-forum-recht.de\/en\/wp-json\/wp\/v2\/tribe_events"}],"about":[{"href":"https:\/\/stiftung-forum-recht.de\/en\/wp-json\/wp\/v2\/types\/tribe_events"}],"author":[{"embeddable":true,"href":"https:\/\/stiftung-forum-recht.de\/en\/wp-json\/wp\/v2\/users\/27"}],"version-history":[{"count":0,"href":"https:\/\/stiftung-forum-recht.de\/en\/wp-json\/wp\/v2\/tribe_events\/23678\/revisions"}],"wp:featuredmedia":[{"embeddable":true,"href":"https:\/\/stiftung-forum-recht.de\/en\/wp-json\/wp\/v2\/media\/23693"}],"wp:attachment":[{"href":"https:\/\/stiftung-forum-recht.de\/en\/wp-json\/wp\/v2\/media?parent=23678"}],"wp:term":[{"taxonomy":"post_tag","embeddable":true,"href":"https:\/\/stiftung-forum-recht.de\/en\/wp-json\/wp\/v2\/tags?post=23678"},{"taxonomy":"tribe_events_cat","embeddable":true,"href":"https:\/\/stiftung-forum-recht.de\/en\/wp-json\/wp\/v2\/tribe_events_cat?post=23678"}],"curies":[{"name":"wp","href":"https:\/\/api.w.org\/{rel}","templated":true}]}}

<p>Seventy-five years after the Basic Law came into effect, our constitution must prove its worth in a world that is undergoing fundamental change: Digitalization, globalization, climate change, migration, and demographic shifts present the Federal Republic with a wide range of challenges, as does the realignment of security and foreign trade policy—and, not least, the trend toward authoritarianism, which is putting pressure on democracy both nationally and globally. In light of these challenges, the symposium seeks answers to the question of whether and to what extent the Basic Law can or must be further developed so that our constitutional order is equipped to meet the demands of the present and the future.</p>
<p><strong>Kathrin Schön</strong>, program curator at the Forum Recht Foundation, will participate in the symposium’s closing panel at 4:30 p.m. and discuss what education on the rule of law looks like in practice.</p>
<p>&nbsp;</p>
<p><strong>A symposium organized by the Deutsche Gesellschaft e. V. in collaboration with the Forum Recht Foundation</strong></p>
<p><img decoding="async" class="wp-image-23692" src="https://stiftung-forum-recht.de/wp-content/uploads/2024/05/Logo-der-Deutschen-Gesellschaft_web-300x117.jpg" alt="" width="177" height="69" srcset="https://stiftung-forum-recht.de/wp-content/uploads/2024/05/Logo-der-Deutschen-Gesellschaft_web-300x117.jpg 300w, https://stiftung-forum-recht.de/wp-content/uploads/2024/05/Logo-der-Deutschen-Gesellschaft_web.jpg 448w" sizes="(max-width: 177px) 100vw, 177px" /></p>

<!-- This site is optimized with the Yoast SEO plugin v28.3 - https://yoast.com/product/yoast-seo-wordpress/ -->
<title>Symposium „1949 – 2024 – 2049: Vergangenheit erinnern, Gegenwart meistern, Zukunft gestalten“ | Stiftung Forum Recht</title>
<meta name="description" content="Kathrin Schön, Programmkuratorin der Stiftung Forum Recht, wird beim Abschlusspanel des Symposiums um 16:30 Uhr mitdiskutieren und aufzeigen, wie Rechtsstaatsvermittlung in der Praxis aussieht." />
<meta name="robots" content="index, follow, max-snippet:-1, max-image-preview:large, max-video-preview:-1" />
<link rel="canonical" href="https://stiftung-forum-recht.de/en/calendar/symposium-1949-2024-2049-remembering-the-past-navigating-the-present-shaping-the-future/" />
<meta property="og:locale" content="en_US" />
<meta property="og:type" content="article" />
<meta property="og:title" content="Symposium „1949 – 2024 – 2049: Vergangenheit erinnern, Gegenwart meistern, Zukunft gestalten“ | Stiftung Forum Recht" />
<meta property="og:description" content="Kathrin Schön, Programmkuratorin der Stiftung Forum Recht, wird beim Abschlusspanel des Symposiums um 16:30 Uhr mitdiskutieren und aufzeigen, wie Rechtsstaatsvermittlung in der Praxis aussieht." />
<meta property="og:url" content="https://stiftung-forum-recht.de/en/calendar/symposium-1949-2024-2049-remembering-the-past-navigating-the-present-shaping-the-future/" />
<meta property="og:site_name" content="Stiftung Forum Recht" />
<meta property="og:image" content="https://stiftung-forum-recht.de/wp-content/uploads/2024/05/Foto_Ville-de-Lyon-8-scaled.jpg" />
	<meta property="og:image:width" content="2560" />
	<meta property="og:image:height" content="1707" />
	<meta property="og:image:type" content="image/jpeg" />
<meta name="twitter:card" content="summary_large_image" />
<meta name="twitter:label1" content="Est. reading time" />
	<meta name="twitter:data1" content="1 minute" />
<!-- / Yoast SEO plugin. -->

Kathrin Schön, program curator at the Forum Recht Foundation, will participate in the symposium’s closing panel at 4:30 p.m. and discuss what education on the rule of law looks like in practice.

Kathrin Schön, Programmkuratorin der Stiftung Forum Recht, wird beim Abschlusspanel des Symposiums um 16:30 Uhr mitdiskutieren und aufzeigen, wie Rechtsstaatsvermittlung in der Praxis aussieht.

Drei Damen auf einem Podium in einem prunkvollen klassizistischen Saal , die mittlere Dame im Alter von ungefähr 35 Jahren und damit jüngste, hält das Mikro und spricht soeben.
