{"id":22310,"date":"2024-04-12T16:19:42","date_gmt":"2024-04-12T14:19:42","guid":{"rendered":"https:\/\/stiftung-forum-recht.de\/?post_type=tribe_events&#038;p=22310"},"modified":"2024-05-16T10:47:53","modified_gmt":"2024-05-16T08:47:53","slug":"conference-75-years-of-the-basic-law-aspirations-reality-and-the-future","status":"publish","type":"tribe_events","link":"https:\/\/stiftung-forum-recht.de\/en\/kalender\/konferenz-75-jahre-grundgesetz-anspruch-wirklichkeit-und-zukunft\/","title":{"rendered":"Conference: \u201e75 Years of the Basic Law\u2014Aspirations, Reality, and the Future\u201c"},"content":{"rendered":"<p>The Basic Law is turning 75\u2014and it\u2019s doing so during a turbulent time. This makes it all the more important to reflect on the significance of this most vital cornerstone of our democracy. We are currently facing a multitude of challenges that make it clear that the protection of our fundamental rights must continue to evolve. Whether it\u2019s combating structural racism and social inequality; establishing a constitutional framework for climate justice; learning lessons from the COVID-19 pandemic; or ensuring access to justice and legal remedies in general: The Basic Law must be made fit for the future!<\/p>\n<p>The one-day conference will explore these requirements for a sustainable constitution through six workshops, two panel discussions, and a keynote address. Whether you\u2019re a student or a professional, a committed citizen or an expert on fundamental rights\u2014anyone interested is cordially invited to Silent Green in Berlin!<\/p>\n<p>Organized by the Society for Civil Liberties in cooperation with the Federal Agency for Civic Education and the Forum Recht Foundation, the conference\u2014featuring experts from academia, civil society, and politics, as well as thought-provoking presentations, discussions, workshops, and artistic programming\u2014offers new perspectives on the Basic Law in the context of today\u2019s realities and the future.<\/p>\n<p>Speakers and moderators at the conference include, among others:<\/p>\n<ul>\n<li><strong>Stephan Anpalagan<\/strong>, journalist, musician, and theologian<\/li>\n<li><strong> Ulf Buermeyer<\/strong>, Board Member of the Society for Civil Liberties<\/li>\n<li><strong> Julia Duchrow<\/strong>, Secretary General of Amnesty International in Germany<\/li>\n<li><strong> Doris Liebscher<\/strong>, Director of the LADG Ombudsman's Office<\/li>\n<li><strong> Bijan Moini<\/strong>, Legal Director of the Society for Civil Liberties<\/li>\n<li><strong> Dr. Christoph M\u00f6llers<\/strong>, Chair of Public Law, with a focus on Constitutional Law, and Philosophy of Law, Humboldt University of Berlin<\/li>\n<li><strong>Natascha Strobl<\/strong>, political scientist<\/li>\n<li><strong> Miros\u0142aw Wyrzykowski<\/strong>, former Polish Constitutional Court justice and minister of the Republic of Poland<\/li>\n<li><\/li>\n<\/ul>\n<p>The event will begin with a keynote address by GFF Legal Director Bijan Moini and an opening panel featuring international experts: Natascha Strobl, Prof. Miros\u0142aw Wyrzykowski, and Prof. Dr. Christoph M\u00f6llers. The panelists will discuss how the fundamental values of the Basic Law can be preserved in the future in light of a shift toward the political right and crucial upcoming elections. In doing so, they will focus on Germany and its neighboring countries. Afterward, participants can choose from three workshops in the morning. After a joint lunch break, there will be a second round of exciting workshops to choose from. The day will conclude with an artistic reflection over coffee and cake.<\/p>\n<p>The conference will conclude with a closing panel featuring Dr. Julia Duchrow, Dr. Ulf Buermeyer, and Stephan Anpalagan, in which\u2014after a day of taking stock\u2014the focus will shift to the future: How can support for the rule of law and democracy be strengthened? How can we ensure that people are aware of their fundamental rights and exercise them with confidence? And what role do the media and civil society play in this regard when communicating on issues related to fundamental rights? Afterward, guests are cordially invited to wrap up the day together.<\/p>\n<p>Further information and registration at: <strong><a href=\"https:\/\/freiheitsrechte.org\/themen\/demokratie\/75-jahre-grundgesetz\">https:\/\/freiheitsrechte.org\/themen\/demokratie\/75-jahre-grundgesetz<\/a><\/strong><\/p>\n<p><strong>The conference is being held in cooperation with the Federal Agency for Civic Education and the Society for Civil Liberties.<\/strong><\/p>\n<p><img decoding=\"async\" class=\"wp-image-22424 alignleft\" src=\"https:\/\/stiftung-forum-recht.de\/wp-content\/uploads\/2024\/04\/BpB-300x94.png\" alt=\"Logo of the Federal Agency for Civic Education \" width=\"287\" height=\"90\" srcset=\"https:\/\/stiftung-forum-recht.de\/wp-content\/uploads\/2024\/04\/BpB-300x94.png 300w, https:\/\/stiftung-forum-recht.de\/wp-content\/uploads\/2024\/04\/BpB-768x240.png 768w, https:\/\/stiftung-forum-recht.de\/wp-content\/uploads\/2024\/04\/BpB.png 1024w\" sizes=\"(max-width: 287px) 100vw, 287px\" \/><img decoding=\"async\" class=\"wp-image-22317 alignleft\" src=\"https:\/\/stiftung-forum-recht.de\/wp-content\/uploads\/2024\/04\/1664-336-max-300x61.png\" alt=\"\" width=\"360\" height=\"73\" srcset=\"https:\/\/stiftung-forum-recht.de\/wp-content\/uploads\/2024\/04\/1664-336-max-300x61.png 300w, https:\/\/stiftung-forum-recht.de\/wp-content\/uploads\/2024\/04\/1664-336-max.png 332w\" sizes=\"(max-width: 360px) 100vw, 360px\" \/><\/p>\n<p>&nbsp;<\/p>\n<p>&nbsp;<\/p>\n<p>&nbsp;<\/p>\n<p>&nbsp;<\/p>","protected":false},"excerpt":{"rendered":"<p>The Basic Law is turning 75\u2014and this comes at a time of great upheaval. Together with the Society for Civil Liberties and the Federal Agency for Civic Education, the Forum Recht Foundation is hosting the one-day conference in Berlin. <\/p>","protected":false},"author":24,"featured_media":14609,"template":"","meta":{"_acf_changed":false,"neve_meta_sidebar":"","neve_meta_container":"","neve_meta_enable_content_width":"","neve_meta_content_width":0,"neve_meta_title_alignment":"","neve_meta_author_avatar":"","neve_post_elements_order":"","neve_meta_disable_header":"","neve_meta_disable_footer":"","neve_meta_disable_title":"","_themeisle_gutenberg_block_has_review":false,"_tribe_events_status":"","_tribe_events_status_reason":"","_tribe_events_is_hybrid":"","_tribe_events_is_virtual":"","_tribe_events_virtual_video_source":"","_tribe_events_virtual_embed_video":"","_tribe_events_virtual_linked_button_text":"","_tribe_events_virtual_linked_button":"","_tribe_events_virtual_show_embed_at":"","_tribe_events_virtual_show_embed_to":[],"_tribe_events_virtual_show_on_event":"","_tribe_events_virtual_show_on_views":"","_tribe_events_virtual_url":"","footnotes":""},"tags":[66],"tribe_events_cat":[],"class_list":["post-22310","tribe_events","type-tribe_events","status-publish","has-post-thumbnail","hentry","tag-konferenz"],"acf":[],"yoast_head":"<!-- This site is optimized with the Yoast SEO plugin v28.3 - https:\/\/yoast.com\/product\/yoast-seo-wordpress\/ -->\n<title>Konferenz \u201e75 Jahre Grundgesetz \u2013 Anspruch, Wirklichkeit und Zukunft\u201c | Stiftung Forum Recht<\/title>\n<meta name=\"robots\" content=\"index, follow, max-snippet:-1, max-image-preview:large, max-video-preview:-1\" \/>\n<link rel=\"canonical\" href=\"https:\/\/stiftung-forum-recht.de\/en\/calendar\/conference-75-years-of-the-basic-law-aspirations-reality-and-the-future\/\" \/>\n<meta property=\"og:locale\" content=\"en_US\" \/>\n<meta property=\"og:type\" content=\"article\" \/>\n<meta property=\"og:title\" content=\"Konferenz \u201e75 Jahre Grundgesetz \u2013 Anspruch, Wirklichkeit und Zukunft\u201c | Stiftung Forum Recht\" \/>\n<meta property=\"og:description\" content=\"Das Grundgesetz wird 75 Jahre alt \u2013 und das in einer bewegten Zeit. Zusammen mit der Gesellschaft f\u00fcr Freiheitsrechte und der Bundeszentrale f\u00fcr politische Bildung ist die Stiftung Forum Recht Gastgeberin der eint\u00e4gigen Konferenz in Berlin.\" \/>\n<meta property=\"og:url\" content=\"https:\/\/stiftung-forum-recht.de\/en\/calendar\/conference-75-years-of-the-basic-law-aspirations-reality-and-the-future\/\" \/>\n<meta property=\"og:site_name\" content=\"Stiftung Forum Recht\" \/>\n<meta property=\"article:modified_time\" content=\"2024-05-16T08:47:53+00:00\" \/>\n<meta property=\"og:image\" content=\"https:\/\/stiftung-forum-recht.de\/wp-content\/uploads\/2023\/09\/DSC00714-scaled.jpg\" \/>\n\t<meta property=\"og:image:width\" content=\"2560\" \/>\n\t<meta property=\"og:image:height\" content=\"1707\" \/>\n\t<meta property=\"og:image:type\" content=\"image\/jpeg\" \/>\n<meta name=\"twitter:card\" content=\"summary_large_image\" \/>\n<meta name=\"twitter:label1\" content=\"Est. reading time\" \/>\n\t<meta name=\"twitter:data1\" content=\"2 minutes\" \/>\n<!-- \/ Yoast SEO plugin. -->","yoast_head_json":{"title":"Conference: \u201e75 Years of the Basic Law\u2014Aspirations, Reality, and the Future\u201c | Forum Recht Foundation","robots":{"index":"index","follow":"follow","max-snippet":"max-snippet:-1","max-image-preview":"max-image-preview:large","max-video-preview":"max-video-preview:-1"},"canonical":"https:\/\/stiftung-forum-recht.de\/en\/calendar\/conference-75-years-of-the-basic-law-aspirations-reality-and-the-future\/","og_locale":"en_US","og_type":"article","og_title":"Konferenz \u201e75 Jahre Grundgesetz \u2013 Anspruch, Wirklichkeit und Zukunft\u201c | Stiftung Forum Recht","og_description":"Das Grundgesetz wird 75 Jahre alt \u2013 und das in einer bewegten Zeit. Zusammen mit der Gesellschaft f\u00fcr Freiheitsrechte und der Bundeszentrale f\u00fcr politische Bildung ist die Stiftung Forum Recht Gastgeberin der eint\u00e4gigen Konferenz in Berlin.","og_url":"https:\/\/stiftung-forum-recht.de\/en\/calendar\/conference-75-years-of-the-basic-law-aspirations-reality-and-the-future\/","og_site_name":"Stiftung Forum Recht","article_modified_time":"2024-05-16T08:47:53+00:00","og_image":[{"width":2560,"height":1707,"url":"https:\/\/stiftung-forum-recht.de\/wp-content\/uploads\/2023\/09\/DSC00714-scaled.jpg","type":"image\/jpeg"}],"twitter_card":"summary_large_image","twitter_misc":{"Est. reading time":"2 minutes"},"schema":{"@context":"https:\/\/schema.org","@graph":[{"@type":"WebPage","@id":"https:\/\/stiftung-forum-recht.de\/calendar\/konferenz-75-jahre-grundgesetz-anspruch-wirklichkeit-und-zukunft\/","url":"https:\/\/stiftung-forum-recht.de\/calendar\/konferenz-75-jahre-grundgesetz-anspruch-wirklichkeit-und-zukunft\/","name":"Conference: \u201e75 Years of the Basic Law\u2014Aspirations, Reality, and the Future\u201c | Forum Recht Foundation","isPartOf":{"@id":"https:\/\/stiftung-forum-recht.de\/#website"},"primaryImageOfPage":{"@id":"https:\/\/stiftung-forum-recht.de\/calendar\/konferenz-75-jahre-grundgesetz-anspruch-wirklichkeit-und-zukunft\/#primaryimage"},"image":{"@id":"https:\/\/stiftung-forum-recht.de\/calendar\/konferenz-75-jahre-grundgesetz-anspruch-wirklichkeit-und-zukunft\/#primaryimage"},"thumbnailUrl":"https:\/\/stiftung-forum-recht.de\/wp-content\/uploads\/2023\/09\/DSC00714-scaled.jpg","datePublished":"2024-04-12T14:19:42+00:00","dateModified":"2024-05-16T08:47:53+00:00","breadcrumb":{"@id":"https:\/\/stiftung-forum-recht.de\/calendar\/konferenz-75-jahre-grundgesetz-anspruch-wirklichkeit-und-zukunft\/#breadcrumb"},"inLanguage":"en-US","potentialAction":[{"@type":"ReadAction","target":["https:\/\/stiftung-forum-recht.de\/calendar\/konferenz-75-jahre-grundgesetz-anspruch-wirklichkeit-und-zukunft\/"]}]},{"@type":"ImageObject","inLanguage":"en-US","@id":"https:\/\/stiftung-forum-recht.de\/calendar\/konferenz-75-jahre-grundgesetz-anspruch-wirklichkeit-und-zukunft\/#primaryimage","url":"https:\/\/stiftung-forum-recht.de\/wp-content\/uploads\/2023\/09\/DSC00714-scaled.jpg","contentUrl":"https:\/\/stiftung-forum-recht.de\/wp-content\/uploads\/2023\/09\/DSC00714-scaled.jpg","width":2560,"height":1707,"caption":"Eindr\u00fccke des Workshops der Gerda-Taro-Schule werden festgehalten (Foto: Stiftung Forum Recht)"},{"@type":"BreadcrumbList","@id":"https:\/\/stiftung-forum-recht.de\/calendar\/konferenz-75-jahre-grundgesetz-anspruch-wirklichkeit-und-zukunft\/#breadcrumb","itemListElement":[{"@type":"ListItem","position":1,"name":"Startseite","item":"https:\/\/stiftung-forum-recht.de\/"},{"@type":"ListItem","position":2,"name":"Veranstaltungen","item":"https:\/\/stiftung-forum-recht.de\/events\/"},{"@type":"ListItem","position":3,"name":"Konferenz \u201e75 Jahre Grundgesetz \u2013 Anspruch, Wirklichkeit und Zukunft\u201c"}]},{"@type":"WebSite","@id":"https:\/\/stiftung-forum-recht.de\/#website","url":"https:\/\/stiftung-forum-recht.de\/","name":"Stiftung Forum Recht","description":"THE LAW FORUM","publisher":{"@id":"https:\/\/stiftung-forum-recht.de\/#organization"},"potentialAction":[{"@type":"SearchAction","target":{"@type":"EntryPoint","urlTemplate":"https:\/\/stiftung-forum-recht.de\/?s={search_term_string}"},"query-input":{"@type":"PropertyValueSpecification","valueRequired":true,"valueName":"search_term_string"}}],"inLanguage":"en-US"},{"@type":"Organization","@id":"https:\/\/stiftung-forum-recht.de\/#organization","name":"Stiftung Forum Recht","url":"https:\/\/stiftung-forum-recht.de\/","logo":{"@type":"ImageObject","inLanguage":"en-US","@id":"https:\/\/stiftung-forum-recht.de\/#\/schema\/logo\/image\/","url":"https:\/\/stiftung-forum-recht.de\/wp-content\/uploads\/2020\/10\/sfr-logo-2023.png","contentUrl":"https:\/\/stiftung-forum-recht.de\/wp-content\/uploads\/2020\/10\/sfr-logo-2023.png","width":200,"height":200,"caption":"Stiftung Forum Recht"},"image":{"@id":"https:\/\/stiftung-forum-recht.de\/#\/schema\/logo\/image\/"}}]}},"meta_box":[],"_links":{"self":[{"href":"https:\/\/stiftung-forum-recht.de\/en\/wp-json\/wp\/v2\/tribe_events\/22310","targetHints":{"allow":["GET"]}}],"collection":[{"href":"https:\/\/stiftung-forum-recht.de\/en\/wp-json\/wp\/v2\/tribe_events"}],"about":[{"href":"https:\/\/stiftung-forum-recht.de\/en\/wp-json\/wp\/v2\/types\/tribe_events"}],"author":[{"embeddable":true,"href":"https:\/\/stiftung-forum-recht.de\/en\/wp-json\/wp\/v2\/users\/24"}],"version-history":[{"count":0,"href":"https:\/\/stiftung-forum-recht.de\/en\/wp-json\/wp\/v2\/tribe_events\/22310\/revisions"}],"wp:featuredmedia":[{"embeddable":true,"href":"https:\/\/stiftung-forum-recht.de\/en\/wp-json\/wp\/v2\/media\/14609"}],"wp:attachment":[{"href":"https:\/\/stiftung-forum-recht.de\/en\/wp-json\/wp\/v2\/media?parent=22310"}],"wp:term":[{"taxonomy":"post_tag","embeddable":true,"href":"https:\/\/stiftung-forum-recht.de\/en\/wp-json\/wp\/v2\/tags?post=22310"},{"taxonomy":"tribe_events_cat","embeddable":true,"href":"https:\/\/stiftung-forum-recht.de\/en\/wp-json\/wp\/v2\/tribe_events_cat?post=22310"}],"curies":[{"name":"wp","href":"https:\/\/api.w.org\/{rel}","templated":true}]}}

<p>The Basic Law is turning 75—and it’s doing so during a turbulent time. This makes it all the more important to reflect on the significance of this most vital cornerstone of our democracy. We are currently facing a multitude of challenges that make it clear that the protection of our fundamental rights must continue to evolve. Whether it’s combating structural racism and social inequality; establishing a constitutional framework for climate justice; learning lessons from the COVID-19 pandemic; or ensuring access to justice and legal remedies in general: The Basic Law must be made fit for the future!</p>
<p>The one-day conference will explore these requirements for a sustainable constitution through six workshops, two panel discussions, and a keynote address. Whether you’re a student or a professional, a committed citizen or an expert on fundamental rights—anyone interested is cordially invited to Silent Green in Berlin!</p>
<p>Organized by the Society for Civil Liberties in cooperation with the Federal Agency for Civic Education and the Forum Recht Foundation, the conference—featuring experts from academia, civil society, and politics, as well as thought-provoking presentations, discussions, workshops, and artistic programming—offers new perspectives on the Basic Law in the context of today’s realities and the future.</p>
<p>Speakers and moderators at the conference include, among others:</p>
<ul>
<li><strong>Stephan Anpalagan</strong>, journalist, musician, and theologian</li>
<li><strong> Ulf Buermeyer</strong>, Board Member of the Society for Civil Liberties</li>
<li><strong> Julia Duchrow</strong>, Secretary General of Amnesty International in Germany</li>
<li><strong> Doris Liebscher</strong>, Director of the LADG Ombudsman's Office</li>
<li><strong> Bijan Moini</strong>, Legal Director of the Society for Civil Liberties</li>
<li><strong> Dr. Christoph Möllers</strong>, Chair of Public Law, with a focus on Constitutional Law, and Philosophy of Law, Humboldt University of Berlin</li>
<li><strong>Natascha Strobl</strong>, political scientist</li>
<li><strong> Mirosław Wyrzykowski</strong>, former Polish Constitutional Court justice and minister of the Republic of Poland</li>
<li></li>
</ul>
<p>The event will begin with a keynote address by GFF Legal Director Bijan Moini and an opening panel featuring international experts: Natascha Strobl, Prof. Mirosław Wyrzykowski, and Prof. Dr. Christoph Möllers. The panelists will discuss how the fundamental values of the Basic Law can be preserved in the future in light of a shift toward the political right and crucial upcoming elections. In doing so, they will focus on Germany and its neighboring countries. Afterward, participants can choose from three workshops in the morning. After a joint lunch break, there will be a second round of exciting workshops to choose from. The day will conclude with an artistic reflection over coffee and cake.</p>
<p>The conference will conclude with a closing panel featuring Dr. Julia Duchrow, Dr. Ulf Buermeyer, and Stephan Anpalagan, in which—after a day of taking stock—the focus will shift to the future: How can support for the rule of law and democracy be strengthened? How can we ensure that people are aware of their fundamental rights and exercise them with confidence? And what role do the media and civil society play in this regard when communicating on issues related to fundamental rights? Afterward, guests are cordially invited to wrap up the day together.</p>
<p>Further information and registration at: <strong><a href="https://freiheitsrechte.org/themen/demokratie/75-jahre-grundgesetz">https://freiheitsrechte.org/themen/demokratie/75-jahre-grundgesetz</a></strong></p>
<p><strong>The conference is being held in cooperation with the Federal Agency for Civic Education and the Society for Civil Liberties.</strong></p>
<p><img decoding="async" class="wp-image-22424 alignleft" src="https://stiftung-forum-recht.de/wp-content/uploads/2024/04/BpB-300x94.png" alt="Logo of the Federal Agency for Civic Education " width="287" height="90" srcset="https://stiftung-forum-recht.de/wp-content/uploads/2024/04/BpB-300x94.png 300w, https://stiftung-forum-recht.de/wp-content/uploads/2024/04/BpB-768x240.png 768w, https://stiftung-forum-recht.de/wp-content/uploads/2024/04/BpB.png 1024w" sizes="(max-width: 287px) 100vw, 287px" /><img decoding="async" class="wp-image-22317 alignleft" src="https://stiftung-forum-recht.de/wp-content/uploads/2024/04/1664-336-max-300x61.png" alt="" width="360" height="73" srcset="https://stiftung-forum-recht.de/wp-content/uploads/2024/04/1664-336-max-300x61.png 300w, https://stiftung-forum-recht.de/wp-content/uploads/2024/04/1664-336-max.png 332w" sizes="(max-width: 360px) 100vw, 360px" /></p>
<p>&nbsp;</p>
<p>&nbsp;</p>
<p>&nbsp;</p>
<p>&nbsp;</p>

<!-- This site is optimized with the Yoast SEO plugin v28.3 - https://yoast.com/product/yoast-seo-wordpress/ -->
<title>Konferenz „75 Jahre Grundgesetz – Anspruch, Wirklichkeit und Zukunft“ | Stiftung Forum Recht</title>
<meta name="robots" content="index, follow, max-snippet:-1, max-image-preview:large, max-video-preview:-1" />
<link rel="canonical" href="https://stiftung-forum-recht.de/en/calendar/conference-75-years-of-the-basic-law-aspirations-reality-and-the-future/" />
<meta property="og:locale" content="en_US" />
<meta property="og:type" content="article" />
<meta property="og:title" content="Konferenz „75 Jahre Grundgesetz – Anspruch, Wirklichkeit und Zukunft“ | Stiftung Forum Recht" />
<meta property="og:description" content="Das Grundgesetz wird 75 Jahre alt – und das in einer bewegten Zeit. Zusammen mit der Gesellschaft für Freiheitsrechte und der Bundeszentrale für politische Bildung ist die Stiftung Forum Recht Gastgeberin der eintägigen Konferenz in Berlin." />
<meta property="og:url" content="https://stiftung-forum-recht.de/en/calendar/conference-75-years-of-the-basic-law-aspirations-reality-and-the-future/" />
<meta property="og:site_name" content="Stiftung Forum Recht" />
<meta property="article:modified_time" content="2024-05-16T08:47:53+00:00" />
<meta property="og:image" content="https://stiftung-forum-recht.de/wp-content/uploads/2023/09/DSC00714-scaled.jpg" />
	<meta property="og:image:width" content="2560" />
	<meta property="og:image:height" content="1707" />
	<meta property="og:image:type" content="image/jpeg" />
<meta name="twitter:card" content="summary_large_image" />
<meta name="twitter:label1" content="Est. reading time" />
	<meta name="twitter:data1" content="2 minutes" />
<!-- / Yoast SEO plugin. -->

Das Grundgesetz wird 75 Jahre alt – und das in einer bewegten Zeit. Zusammen mit der Gesellschaft für Freiheitsrechte und der Bundeszentrale für politische Bildung ist die Stiftung Forum Recht Gastgeberin der eintägigen Konferenz in Berlin.

Eindrücke des Workshops der Gerda-Taro-Schule werden festgehalten (Foto: Stiftung Forum Recht)
