{"id":11338,"date":"2023-11-27T20:03:15","date_gmt":"2023-11-27T19:03:15","guid":{"rendered":"https:\/\/stiftung-forum-recht.de\/?post_type=tribe_events&#038;p=11338"},"modified":"2024-01-15T14:44:12","modified_gmt":"2024-01-15T13:44:12","slug":"six-european-narratives-one-europe","status":"publish","type":"tribe_events","link":"https:\/\/stiftung-forum-recht.de\/en\/kalender\/sechs-europaeische-narrative-ein-europa\/","title":{"rendered":"Six European Narratives \u2013 One Europe \/\/ Six r\u00e9cits europ\u00e9ens \u2013 Une Europe (Europaplatz \/ Administering Justice)"},"content":{"rendered":"<p>Opening walk with artist Yves Mettler and lawyer Antoine Bailleux to the project sites throughout the city<br \/>\n<em>Inaugural Walk with Artist Yves Mettler and Lawyer Antoine Bailleux<\/em><\/p>\n<p>In German and French \/ <em>In French and German<\/em><\/p>\n<p>Admission is free \/ <em>Free<\/em><\/p>\n<p>___________________________________________________________<\/p>\n<p>In this commissioned work, created specifically for Europe Day 2023 in Karlsruhe, artist Yves Mettler, in collaboration with French EU lawyer Antoine Bailleux, explores ideas and conceptions of Europe through specific rulings of the European Court of Justice. The narratives and images shaped by these court rulings are diverse. They complement and contradict one another, making it clear that Europe is not a fixed construct, but rather a living entity that can be shaped.<br \/>\nThere are a total of nine stations throughout Karlsruhe. One of these can be found at each of the partner institutions: the Forum Recht und Foundation and <a href=\"https:\/\/ccfa-ka.de\/de\/kultur\/europaplatz_recht_sprechen\/\">Franco-German Cultural Center in Karlsruhe<\/a>. At each station, a podcast based on real-life cases highlights the diverse faces of Europe.<\/p>\n<p><em>In response to a new order for Europe Day 2023 <\/em><em>In Karlsruhe, artist Yves Mettler explores, together with the French legal scholar specializing in <\/em><em>EU representative Antoine Bailleux, perceptions of Europe as they <\/em><em>are evident in the judgments handed down by the Court of Justice. The accounts <\/em><em>and the images shaped by court decisions are diverse and complement one another <\/em><em>and contradict each other: Europe does not appear there as a static construct, <\/em><em>more vibrant and dynamic.<\/em><br \/>\n<em>In total, there are nine stations throughout Karlsruhe. Two of them are <\/em><em>located at the project partners' sites: Stiftung Forum Recht et <a href=\"https:\/\/ccfa-ka.de\/fr\/kultur\/europaplatz_recht_sprechen\/\">Cultural Center <\/a><\/em><em>French-German. At each stop, based on a specific example, a podcast <\/em><em>sketches one of Europe's many faces.<\/em><\/p>\n<p>A collaboration between the Forum Recht Foundation and the Centre Culturel Franco-Allemand Karlsruhe Foundation<\/p>\n<p>&nbsp;<\/p>","protected":false},"excerpt":{"rendered":"<p>Opening walk with artist Yves Mettler and lawyer Antoine Bailleux to the project sites in the city space. In German and\u2026&nbsp;<a href=\"https:\/\/stiftung-forum-recht.de\/en\/kalender\/sechs-europaeische-narrative-ein-europa\/\" class=\"\" rel=\"bookmark\">Read More \u00bb<span class=\"screen-reader-text\">Six European Narratives \u2013 One Europe \/\/ Six r\u00e9cits europ\u00e9ens \u2013 Une Europe (Europaplatz \/ Administering Justice)<\/span><\/a><\/p>","protected":false},"author":27,"featured_media":0,"template":"","meta":{"_acf_changed":false,"neve_meta_sidebar":"","neve_meta_container":"","neve_meta_enable_content_width":"","neve_meta_content_width":0,"neve_meta_title_alignment":"","neve_meta_author_avatar":"","neve_post_elements_order":"","neve_meta_disable_header":"","neve_meta_disable_footer":"","neve_meta_disable_title":"","_themeisle_gutenberg_block_has_review":false,"_tribe_events_status":"","_tribe_events_status_reason":"","_tribe_events_is_hybrid":"","_tribe_events_is_virtual":"","_tribe_events_virtual_video_source":"","_tribe_events_virtual_embed_video":"","_tribe_events_virtual_linked_button_text":"","_tribe_events_virtual_linked_button":"","_tribe_events_virtual_show_embed_at":"","_tribe_events_virtual_show_embed_to":[],"_tribe_events_virtual_show_on_event":"","_tribe_events_virtual_show_on_views":"","_tribe_events_virtual_url":"","footnotes":""},"tags":[],"tribe_events_cat":[],"class_list":["post-11338","tribe_events","type-tribe_events","status-publish","hentry"],"acf":[],"yoast_head":"<!-- This site is optimized with the Yoast SEO plugin v28.3 - https:\/\/yoast.com\/product\/yoast-seo-wordpress\/ -->\n<title>Sechs Europ\u00e4ische Narrative - Ein Europa \/\/ Six r\u00e9cits europ\u00e9ens - Une Europe (Europaplatz \/ Recht sprechen) | Stiftung Forum Recht<\/title>\n<meta name=\"description\" content=\"Er\u00f6ffnungsspaziergang mit K\u00fcnstler Yves Mettler und Juristen Antoine Bailleux im Rahmen des k\u00fcnstlerisch-juristischen Forschungsprojekts &quot;Europaplatz -&gt; Recht sprechen&quot;.\" \/>\n<meta name=\"robots\" content=\"index, follow, max-snippet:-1, max-image-preview:large, max-video-preview:-1\" \/>\n<link rel=\"canonical\" href=\"https:\/\/stiftung-forum-recht.de\/en\/calendar\/six-european-narratives-one-europe\/\" \/>\n<meta property=\"og:locale\" content=\"en_US\" \/>\n<meta property=\"og:type\" content=\"article\" \/>\n<meta property=\"og:title\" content=\"Sechs Europ\u00e4ische Narrative - Ein Europa \/\/ Six r\u00e9cits europ\u00e9ens - Une Europe (Europaplatz \/ Recht sprechen) | Stiftung Forum Recht\" \/>\n<meta property=\"og:description\" content=\"Er\u00f6ffnungsspaziergang mit K\u00fcnstler Yves Mettler und Juristen Antoine Bailleux im Rahmen des k\u00fcnstlerisch-juristischen Forschungsprojekts &quot;Europaplatz -&gt; Recht sprechen&quot;.\" \/>\n<meta property=\"og:url\" content=\"https:\/\/stiftung-forum-recht.de\/en\/calendar\/six-european-narratives-one-europe\/\" \/>\n<meta property=\"og:site_name\" content=\"Stiftung Forum Recht\" \/>\n<meta property=\"article:modified_time\" content=\"2024-01-15T13:44:12+00:00\" \/>\n<meta property=\"og:image\" content=\"https:\/\/stiftung-forum-recht.de\/wp-content\/uploads\/2025\/01\/sfr-logo-2023.png\" \/>\n\t<meta property=\"og:image:width\" content=\"200\" \/>\n\t<meta property=\"og:image:height\" content=\"200\" \/>\n\t<meta property=\"og:image:type\" content=\"image\/png\" \/>\n<meta name=\"twitter:card\" content=\"summary_large_image\" \/>\n<meta name=\"twitter:label1\" content=\"Est. reading time\" \/>\n\t<meta name=\"twitter:data1\" content=\"2 minutes\" \/>\n<!-- \/ Yoast SEO plugin. -->","yoast_head_json":{"title":"Six European Narratives - One Europe \/\/ Six r\u00e9cits europ\u00e9ens - Une Europe (Europaplatz \/ Administering Justice) | Forum Recht Foundation","description":"Opening walk with artist Yves Mettler and lawyer Antoine Bailleux as part of the artistic-legal research project \"Europaplatz -&gt; Administering Justice.\".","robots":{"index":"index","follow":"follow","max-snippet":"max-snippet:-1","max-image-preview":"max-image-preview:large","max-video-preview":"max-video-preview:-1"},"canonical":"https:\/\/stiftung-forum-recht.de\/en\/calendar\/six-european-narratives-one-europe\/","og_locale":"en_US","og_type":"article","og_title":"Sechs Europ\u00e4ische Narrative - Ein Europa \/\/ Six r\u00e9cits europ\u00e9ens - Une Europe (Europaplatz \/ Recht sprechen) | Stiftung Forum Recht","og_description":"Er\u00f6ffnungsspaziergang mit K\u00fcnstler Yves Mettler und Juristen Antoine Bailleux im Rahmen des k\u00fcnstlerisch-juristischen Forschungsprojekts \"Europaplatz -> Recht sprechen\".","og_url":"https:\/\/stiftung-forum-recht.de\/en\/calendar\/six-european-narratives-one-europe\/","og_site_name":"Stiftung Forum Recht","article_modified_time":"2024-01-15T13:44:12+00:00","og_image":[{"width":200,"height":200,"url":"https:\/\/stiftung-forum-recht.de\/wp-content\/uploads\/2025\/01\/sfr-logo-2023.png","type":"image\/png"}],"twitter_card":"summary_large_image","twitter_misc":{"Est. reading time":"2 minutes"},"schema":{"@context":"https:\/\/schema.org","@graph":[{"@type":"WebPage","@id":"https:\/\/stiftung-forum-recht.de\/calendar\/sechs-europaeische-narrative-ein-europa\/","url":"https:\/\/stiftung-forum-recht.de\/calendar\/sechs-europaeische-narrative-ein-europa\/","name":"Six European Narratives - One Europe \/\/ Six r\u00e9cits europ\u00e9ens - Une Europe (Europaplatz \/ Administering Justice) | Forum Recht Foundation","isPartOf":{"@id":"https:\/\/stiftung-forum-recht.de\/#website"},"datePublished":"2023-11-27T19:03:15+00:00","dateModified":"2024-01-15T13:44:12+00:00","description":"Opening walk with artist Yves Mettler and lawyer Antoine Bailleux as part of the artistic-legal research project \"Europaplatz -&gt; Administering Justice.\".","breadcrumb":{"@id":"https:\/\/stiftung-forum-recht.de\/calendar\/sechs-europaeische-narrative-ein-europa\/#breadcrumb"},"inLanguage":"en-US","potentialAction":[{"@type":"ReadAction","target":["https:\/\/stiftung-forum-recht.de\/calendar\/sechs-europaeische-narrative-ein-europa\/"]}]},{"@type":"BreadcrumbList","@id":"https:\/\/stiftung-forum-recht.de\/calendar\/sechs-europaeische-narrative-ein-europa\/#breadcrumb","itemListElement":[{"@type":"ListItem","position":1,"name":"Startseite","item":"https:\/\/stiftung-forum-recht.de\/"},{"@type":"ListItem","position":2,"name":"Veranstaltungen","item":"https:\/\/stiftung-forum-recht.de\/events\/"},{"@type":"ListItem","position":3,"name":"Sechs Europ\u00e4ische Narrative &#8211; Ein Europa \/\/ Six r\u00e9cits europ\u00e9ens &#8211; Une Europe (Europaplatz \/ Recht sprechen)"}]},{"@type":"WebSite","@id":"https:\/\/stiftung-forum-recht.de\/#website","url":"https:\/\/stiftung-forum-recht.de\/","name":"Stiftung Forum Recht","description":"THE LAW FORUM","publisher":{"@id":"https:\/\/stiftung-forum-recht.de\/#organization"},"potentialAction":[{"@type":"SearchAction","target":{"@type":"EntryPoint","urlTemplate":"https:\/\/stiftung-forum-recht.de\/?s={search_term_string}"},"query-input":{"@type":"PropertyValueSpecification","valueRequired":true,"valueName":"search_term_string"}}],"inLanguage":"en-US"},{"@type":"Organization","@id":"https:\/\/stiftung-forum-recht.de\/#organization","name":"Stiftung Forum Recht","url":"https:\/\/stiftung-forum-recht.de\/","logo":{"@type":"ImageObject","inLanguage":"en-US","@id":"https:\/\/stiftung-forum-recht.de\/#\/schema\/logo\/image\/","url":"https:\/\/stiftung-forum-recht.de\/wp-content\/uploads\/2020\/10\/sfr-logo-2023.png","contentUrl":"https:\/\/stiftung-forum-recht.de\/wp-content\/uploads\/2020\/10\/sfr-logo-2023.png","width":200,"height":200,"caption":"Stiftung Forum Recht"},"image":{"@id":"https:\/\/stiftung-forum-recht.de\/#\/schema\/logo\/image\/"}}]}},"meta_box":[],"_links":{"self":[{"href":"https:\/\/stiftung-forum-recht.de\/en\/wp-json\/wp\/v2\/tribe_events\/11338","targetHints":{"allow":["GET"]}}],"collection":[{"href":"https:\/\/stiftung-forum-recht.de\/en\/wp-json\/wp\/v2\/tribe_events"}],"about":[{"href":"https:\/\/stiftung-forum-recht.de\/en\/wp-json\/wp\/v2\/types\/tribe_events"}],"author":[{"embeddable":true,"href":"https:\/\/stiftung-forum-recht.de\/en\/wp-json\/wp\/v2\/users\/27"}],"version-history":[{"count":0,"href":"https:\/\/stiftung-forum-recht.de\/en\/wp-json\/wp\/v2\/tribe_events\/11338\/revisions"}],"wp:attachment":[{"href":"https:\/\/stiftung-forum-recht.de\/en\/wp-json\/wp\/v2\/media?parent=11338"}],"wp:term":[{"taxonomy":"post_tag","embeddable":true,"href":"https:\/\/stiftung-forum-recht.de\/en\/wp-json\/wp\/v2\/tags?post=11338"},{"taxonomy":"tribe_events_cat","embeddable":true,"href":"https:\/\/stiftung-forum-recht.de\/en\/wp-json\/wp\/v2\/tribe_events_cat?post=11338"}],"curies":[{"name":"wp","href":"https:\/\/api.w.org\/{rel}","templated":true}]}}

Six European Narratives – One Europe // Six récits européens – Une Europe (Europaplatz / Administering Justice)

<p>Opening walk with artist Yves Mettler and lawyer Antoine Bailleux to the project sites in the city space. In German and…&nbsp;<a href="https://stiftung-forum-recht.de/en/kalender/sechs-europaeische-narrative-ein-europa/" class="" rel="bookmark">Read More »<span class="screen-reader-text">Six European Narratives – One Europe // Six récits européens – Une Europe (Europaplatz / Administering Justice)</span></a></p>

<!-- This site is optimized with the Yoast SEO plugin v28.3 - https://yoast.com/product/yoast-seo-wordpress/ -->
<title>Sechs Europäische Narrative - Ein Europa // Six récits européens - Une Europe (Europaplatz / Recht sprechen) | Stiftung Forum Recht</title>
<meta name="description" content="Eröffnungsspaziergang mit Künstler Yves Mettler und Juristen Antoine Bailleux im Rahmen des künstlerisch-juristischen Forschungsprojekts &quot;Europaplatz -&gt; Recht sprechen&quot;." />
<meta name="robots" content="index, follow, max-snippet:-1, max-image-preview:large, max-video-preview:-1" />
<link rel="canonical" href="https://stiftung-forum-recht.de/en/calendar/six-european-narratives-one-europe/" />
<meta property="og:locale" content="en_US" />
<meta property="og:type" content="article" />
<meta property="og:title" content="Sechs Europäische Narrative - Ein Europa // Six récits européens - Une Europe (Europaplatz / Recht sprechen) | Stiftung Forum Recht" />
<meta property="og:description" content="Eröffnungsspaziergang mit Künstler Yves Mettler und Juristen Antoine Bailleux im Rahmen des künstlerisch-juristischen Forschungsprojekts &quot;Europaplatz -&gt; Recht sprechen&quot;." />
<meta property="og:url" content="https://stiftung-forum-recht.de/en/calendar/six-european-narratives-one-europe/" />
<meta property="og:site_name" content="Stiftung Forum Recht" />
<meta property="article:modified_time" content="2024-01-15T13:44:12+00:00" />
<meta property="og:image" content="https://stiftung-forum-recht.de/wp-content/uploads/2025/01/sfr-logo-2023.png" />
	<meta property="og:image:width" content="200" />
	<meta property="og:image:height" content="200" />
	<meta property="og:image:type" content="image/png" />
<meta name="twitter:card" content="summary_large_image" />
<meta name="twitter:label1" content="Est. reading time" />
	<meta name="twitter:data1" content="2 minutes" />
<!-- / Yoast SEO plugin. -->

Six European Narratives - One Europe // Six récits européens - Une Europe (Europaplatz / Administering Justice) | Forum Recht Foundation

Sechs Europäische Narrative - Ein Europa // Six récits européens - Une Europe (Europaplatz / Recht sprechen) | Stiftung Forum Recht

Eröffnungsspaziergang mit Künstler Yves Mettler und Juristen Antoine Bailleux im Rahmen des künstlerisch-juristischen Forschungsprojekts "Europaplatz -> Recht sprechen".

Sechs Europäische Narrative &#8211; Ein Europa // Six récits européens &#8211; Une Europe (Europaplatz / Recht sprechen)
